{"id":1464,"date":"2025-01-16T19:37:43","date_gmt":"2025-01-16T18:37:43","guid":{"rendered":"https:\/\/mastertechq.lpl.univ-paris13.fr\/?page_id=1464"},"modified":"2025-01-20T17:09:53","modified_gmt":"2025-01-20T16:09:53","slug":"mentions-legales","status":"publish","type":"page","link":"https:\/\/mastertechq.lpl.univ-paris13.fr\/?page_id=1464","title":{"rendered":"Mentions l\u00e9gales"},"content":{"rendered":"\n<p>L\u2019adresse de notre site est&nbsp;: https:\/\/mastertechq.lpl.univ-paris13.fr.<\/p>\n\n\n\n<h2 class=\"wp-block-heading\">Pr\u00e9sentation du site<\/h2>\n\n\n\n<p>Le pr\u00e9sent site est \u00e9dit\u00e9 par le Master TechQ, 99 avenue Jean-Baptiste Cl\u00e9ment, 93430, VILLETANEUSE.<\/p>\n\n\n\n<h2 class=\"wp-block-heading\">H\u00e9bergement<\/h2>\n\n\n\n<p>Le pr\u00e9sent site est h\u00e9berg\u00e9 par le Laboratoire de Physique des Lasers.<\/p>\n\n\n\n<h2 class=\"wp-block-heading\">Collecte de donn\u00e9es personnelles<\/h2>\n\n\n\n<p>Lors de votre visite sur ce site, certaines donn\u00e9es personnelles peuvent \u00eatre collect\u00e9es. Vous pouvez consulter\u00a0<a href=\"https:\/\/mastertechq.lpl.univ-paris13.fr\/?page_id=1176\">notre politique de confidentialit\u00e9<\/a>\u00a0pour en savoir plus sur les donn\u00e9es collect\u00e9es et leur utilisation.<\/p>\n\n\n\n<h2 class=\"wp-block-heading\">Responsabilit\u00e9<\/h2>\n\n\n\n<p>Nous mettons tout en \u0153uvre pour garantir l\u2019exactitude des informations pr\u00e9sent\u00e9es sur ce site. Cependant, nous ne pouvons garantir que le site est exempt d\u2019erreurs ou d\u2019omissions. Nous ne sommes pas responsables des dommages directs ou indirects r\u00e9sultant de l\u2019utilisation de ce site.<\/p>\n\n\n\n<h2 class=\"wp-block-heading\">Liens externes<\/h2>\n\n\n\n<p>Ce site peut inclure des liens vers des sites externes. Nous ne sommes pas responsables du contenu ou des pratiques de confidentialit\u00e9 de ces sites externes. Nous vous recommandons de consulter les politiques de confidentialit\u00e9 de ces sites avant de leur fournir des donn\u00e9es personnelles.<\/p>\n\n\n\n<h2 class=\"wp-block-heading\">Modifications<\/h2>\n\n\n\n<p>Nous nous r\u00e9servons le droit de modifier les pr\u00e9sentes mentions l\u00e9gales \u00e0 tout moment. Les modifications prendront effet d\u00e8s leur publication sur ce site.<\/p>\n\n\n\n<h4 class=\"wp-block-heading\">Cr\u00e9dits<\/h4>\n\n\n\n<p>Site web :&nbsp;<a href=\"mailto:benjamin.pasquiou@univ-paris13.fr\" target=\"_blank\" rel=\"noreferrer noopener\">Benjamin Pasquiou<\/a><br>Design :&nbsp;<a href=\"mailto:benjamin.pasquiou@univ-paris13.fr\" target=\"_blank\" rel=\"noreferrer noopener\">Benjamin Pasquiou<\/a><\/p>\n","protected":false},"excerpt":{"rendered":"<p>L\u2019adresse de notre site est&nbsp;: https:\/\/mastertechq.lpl.univ-paris13.fr. Pr\u00e9sentation du site Le pr\u00e9sent site est \u00e9dit\u00e9 par le Master TechQ, 99 avenue Jean-Baptiste Cl\u00e9ment, 93430, VILLETANEUSE. H\u00e9bergement Le pr\u00e9sent site est h\u00e9berg\u00e9 par le Laboratoire de Physique des Lasers. Collecte de donn\u00e9es personnelles Lors de votre visite sur ce site, certaines donn\u00e9es personnelles peuvent \u00eatre collect\u00e9es. Vous [&hellip;]<\/p>\n","protected":false},"author":2,"featured_media":0,"parent":0,"menu_order":0,"comment_status":"closed","ping_status":"closed","template":"","meta":{"_themeisle_gutenberg_block_has_review":false,"footnotes":""},"class_list":["post-1464","page","type-page","status-publish","hentry"],"blocksy_meta":[],"yoast_head":"<!-- This site is optimized with the Yoast SEO plugin v27.2 - https:\/\/yoast.com\/product\/yoast-seo-wordpress\/ -->\n<title>Mentions l\u00e9gales - Master TechQ<\/title>\n<meta name=\"robots\" content=\"index, follow, max-snippet:-1, max-image-preview:large, max-video-preview:-1\" \/>\n<link rel=\"canonical\" href=\"https:\/\/mastertechq.lpl.univ-paris13.fr\/?page_id=1464\" \/>\n<meta property=\"og:locale\" content=\"fr_FR\" \/>\n<meta property=\"og:type\" content=\"article\" \/>\n<meta property=\"og:title\" content=\"Mentions l\u00e9gales - Master TechQ\" \/>\n<meta property=\"og:description\" content=\"L\u2019adresse de notre site est&nbsp;: https:\/\/mastertechq.lpl.univ-paris13.fr. Pr\u00e9sentation du site Le pr\u00e9sent site est \u00e9dit\u00e9 par le Master TechQ, 99 avenue Jean-Baptiste Cl\u00e9ment, 93430, VILLETANEUSE. H\u00e9bergement Le pr\u00e9sent site est h\u00e9berg\u00e9 par le Laboratoire de Physique des Lasers. Collecte de donn\u00e9es personnelles Lors de votre visite sur ce site, certaines donn\u00e9es personnelles peuvent \u00eatre collect\u00e9es. Vous [&hellip;]\" \/>\n<meta property=\"og:url\" content=\"https:\/\/mastertechq.lpl.univ-paris13.fr\/?page_id=1464\" \/>\n<meta property=\"og:site_name\" content=\"Master TechQ\" \/>\n<meta property=\"article:modified_time\" content=\"2025-01-20T16:09:53+00:00\" \/>\n<meta name=\"twitter:card\" content=\"summary_large_image\" \/>\n<meta name=\"twitter:label1\" content=\"Dur\u00e9e de lecture estim\u00e9e\" \/>\n\t<meta name=\"twitter:data1\" content=\"1 minute\" \/>\n<script type=\"application\/ld+json\" class=\"yoast-schema-graph\">{\"@context\":\"https:\/\/schema.org\",\"@graph\":[{\"@type\":\"WebPage\",\"@id\":\"https:\/\/mastertechq.lpl.univ-paris13.fr\/?page_id=1464\",\"url\":\"https:\/\/mastertechq.lpl.univ-paris13.fr\/?page_id=1464\",\"name\":\"Mentions l\u00e9gales - Master TechQ\",\"isPartOf\":{\"@id\":\"https:\/\/mastertechq.lpl.univ-paris13.fr\/#website\"},\"datePublished\":\"2025-01-16T18:37:43+00:00\",\"dateModified\":\"2025-01-20T16:09:53+00:00\",\"breadcrumb\":{\"@id\":\"https:\/\/mastertechq.lpl.univ-paris13.fr\/?page_id=1464#breadcrumb\"},\"inLanguage\":\"fr-FR\",\"potentialAction\":[{\"@type\":\"ReadAction\",\"target\":[\"https:\/\/mastertechq.lpl.univ-paris13.fr\/?page_id=1464\"]}]},{\"@type\":\"BreadcrumbList\",\"@id\":\"https:\/\/mastertechq.lpl.univ-paris13.fr\/?page_id=1464#breadcrumb\",\"itemListElement\":[{\"@type\":\"ListItem\",\"position\":1,\"name\":\"Home\",\"item\":\"https:\/\/mastertechq.lpl.univ-paris13.fr\/\"},{\"@type\":\"ListItem\",\"position\":2,\"name\":\"Mentions l\u00e9gales\"}]},{\"@type\":\"WebSite\",\"@id\":\"https:\/\/mastertechq.lpl.univ-paris13.fr\/#website\",\"url\":\"https:\/\/mastertechq.lpl.univ-paris13.fr\/\",\"name\":\"Master TechQ\",\"description\":\"Quantum technologies in motion\",\"publisher\":{\"@id\":\"https:\/\/mastertechq.lpl.univ-paris13.fr\/#organization\"},\"potentialAction\":[{\"@type\":\"SearchAction\",\"target\":{\"@type\":\"EntryPoint\",\"urlTemplate\":\"https:\/\/mastertechq.lpl.univ-paris13.fr\/?s={search_term_string}\"},\"query-input\":{\"@type\":\"PropertyValueSpecification\",\"valueRequired\":true,\"valueName\":\"search_term_string\"}}],\"inLanguage\":\"fr-FR\"},{\"@type\":\"Organization\",\"@id\":\"https:\/\/mastertechq.lpl.univ-paris13.fr\/#organization\",\"name\":\"Master TechQ\",\"alternateName\":\"Master Technologies Quantiques\",\"url\":\"https:\/\/mastertechq.lpl.univ-paris13.fr\/\",\"logo\":{\"@type\":\"ImageObject\",\"inLanguage\":\"fr-FR\",\"@id\":\"https:\/\/mastertechq.lpl.univ-paris13.fr\/#\/schema\/logo\/image\/\",\"url\":\"https:\/\/mastertechq.lpl.univ-paris13.fr\/wp-content\/uploads\/2025\/01\/Logo-MTQ.png\",\"contentUrl\":\"https:\/\/mastertechq.lpl.univ-paris13.fr\/wp-content\/uploads\/2025\/01\/Logo-MTQ.png\",\"width\":500,\"height\":500,\"caption\":\"Master TechQ\"},\"image\":{\"@id\":\"https:\/\/mastertechq.lpl.univ-paris13.fr\/#\/schema\/logo\/image\/\"}}]}<\/script>\n<!-- \/ Yoast SEO plugin. -->","yoast_head_json":{"title":"Mentions l\u00e9gales - Master TechQ","robots":{"index":"index","follow":"follow","max-snippet":"max-snippet:-1","max-image-preview":"max-image-preview:large","max-video-preview":"max-video-preview:-1"},"canonical":"https:\/\/mastertechq.lpl.univ-paris13.fr\/?page_id=1464","og_locale":"fr_FR","og_type":"article","og_title":"Mentions l\u00e9gales - Master TechQ","og_description":"L\u2019adresse de notre site est&nbsp;: https:\/\/mastertechq.lpl.univ-paris13.fr. Pr\u00e9sentation du site Le pr\u00e9sent site est \u00e9dit\u00e9 par le Master TechQ, 99 avenue Jean-Baptiste Cl\u00e9ment, 93430, VILLETANEUSE. H\u00e9bergement Le pr\u00e9sent site est h\u00e9berg\u00e9 par le Laboratoire de Physique des Lasers. Collecte de donn\u00e9es personnelles Lors de votre visite sur ce site, certaines donn\u00e9es personnelles peuvent \u00eatre collect\u00e9es. Vous [&hellip;]","og_url":"https:\/\/mastertechq.lpl.univ-paris13.fr\/?page_id=1464","og_site_name":"Master TechQ","article_modified_time":"2025-01-20T16:09:53+00:00","twitter_card":"summary_large_image","twitter_misc":{"Dur\u00e9e de lecture estim\u00e9e":"1 minute"},"schema":{"@context":"https:\/\/schema.org","@graph":[{"@type":"WebPage","@id":"https:\/\/mastertechq.lpl.univ-paris13.fr\/?page_id=1464","url":"https:\/\/mastertechq.lpl.univ-paris13.fr\/?page_id=1464","name":"Mentions l\u00e9gales - Master TechQ","isPartOf":{"@id":"https:\/\/mastertechq.lpl.univ-paris13.fr\/#website"},"datePublished":"2025-01-16T18:37:43+00:00","dateModified":"2025-01-20T16:09:53+00:00","breadcrumb":{"@id":"https:\/\/mastertechq.lpl.univ-paris13.fr\/?page_id=1464#breadcrumb"},"inLanguage":"fr-FR","potentialAction":[{"@type":"ReadAction","target":["https:\/\/mastertechq.lpl.univ-paris13.fr\/?page_id=1464"]}]},{"@type":"BreadcrumbList","@id":"https:\/\/mastertechq.lpl.univ-paris13.fr\/?page_id=1464#breadcrumb","itemListElement":[{"@type":"ListItem","position":1,"name":"Home","item":"https:\/\/mastertechq.lpl.univ-paris13.fr\/"},{"@type":"ListItem","position":2,"name":"Mentions l\u00e9gales"}]},{"@type":"WebSite","@id":"https:\/\/mastertechq.lpl.univ-paris13.fr\/#website","url":"https:\/\/mastertechq.lpl.univ-paris13.fr\/","name":"Master TechQ","description":"Quantum technologies in motion","publisher":{"@id":"https:\/\/mastertechq.lpl.univ-paris13.fr\/#organization"},"potentialAction":[{"@type":"SearchAction","target":{"@type":"EntryPoint","urlTemplate":"https:\/\/mastertechq.lpl.univ-paris13.fr\/?s={search_term_string}"},"query-input":{"@type":"PropertyValueSpecification","valueRequired":true,"valueName":"search_term_string"}}],"inLanguage":"fr-FR"},{"@type":"Organization","@id":"https:\/\/mastertechq.lpl.univ-paris13.fr\/#organization","name":"Master TechQ","alternateName":"Master Technologies Quantiques","url":"https:\/\/mastertechq.lpl.univ-paris13.fr\/","logo":{"@type":"ImageObject","inLanguage":"fr-FR","@id":"https:\/\/mastertechq.lpl.univ-paris13.fr\/#\/schema\/logo\/image\/","url":"https:\/\/mastertechq.lpl.univ-paris13.fr\/wp-content\/uploads\/2025\/01\/Logo-MTQ.png","contentUrl":"https:\/\/mastertechq.lpl.univ-paris13.fr\/wp-content\/uploads\/2025\/01\/Logo-MTQ.png","width":500,"height":500,"caption":"Master TechQ"},"image":{"@id":"https:\/\/mastertechq.lpl.univ-paris13.fr\/#\/schema\/logo\/image\/"}}]}},"jetpack_sharing_enabled":true,"_links":{"self":[{"href":"https:\/\/mastertechq.lpl.univ-paris13.fr\/index.php?rest_route=\/wp\/v2\/pages\/1464","targetHints":{"allow":["GET"]}}],"collection":[{"href":"https:\/\/mastertechq.lpl.univ-paris13.fr\/index.php?rest_route=\/wp\/v2\/pages"}],"about":[{"href":"https:\/\/mastertechq.lpl.univ-paris13.fr\/index.php?rest_route=\/wp\/v2\/types\/page"}],"author":[{"embeddable":true,"href":"https:\/\/mastertechq.lpl.univ-paris13.fr\/index.php?rest_route=\/wp\/v2\/users\/2"}],"replies":[{"embeddable":true,"href":"https:\/\/mastertechq.lpl.univ-paris13.fr\/index.php?rest_route=%2Fwp%2Fv2%2Fcomments&post=1464"}],"version-history":[{"count":7,"href":"https:\/\/mastertechq.lpl.univ-paris13.fr\/index.php?rest_route=\/wp\/v2\/pages\/1464\/revisions"}],"predecessor-version":[{"id":1675,"href":"https:\/\/mastertechq.lpl.univ-paris13.fr\/index.php?rest_route=\/wp\/v2\/pages\/1464\/revisions\/1675"}],"wp:attachment":[{"href":"https:\/\/mastertechq.lpl.univ-paris13.fr\/index.php?rest_route=%2Fwp%2Fv2%2Fmedia&parent=1464"}],"curies":[{"name":"wp","href":"https:\/\/api.w.org\/{rel}","templated":true}]}}