{"id":1901,"date":"2025-01-30T20:16:16","date_gmt":"2025-01-30T19:16:16","guid":{"rendered":"https:\/\/mastertechq.lpl.univ-paris13.fr\/?page_id=1901"},"modified":"2025-02-04T21:01:33","modified_gmt":"2025-02-04T20:01:33","slug":"application","status":"publish","type":"page","link":"https:\/\/mastertechq.lpl.univ-paris13.fr\/?page_id=1901","title":{"rendered":"Registration"},"content":{"rendered":"\n<h2 class=\"wp-block-heading\"><strong><strong>Admission requirements and scholarships<\/strong><\/strong><\/h2>\n\n\n\n<div id=\"wp-block-themeisle-blocks-advanced-columns-1d77c3cc\" class=\"wp-block-themeisle-blocks-advanced-columns has-2-columns has-desktop-twoOne-layout has-tablet-equal-layout has-mobile-collapsedRows-layout has-vertical-unset\"><div class=\"wp-block-themeisle-blocks-advanced-columns-overlay\"><\/div><div class=\"innerblocks-wrap\">\n<div id=\"wp-block-themeisle-blocks-advanced-column-b6283dd7\" class=\"wp-block-themeisle-blocks-advanced-column\">\n<h3 class=\"wp-block-heading\"><strong>Access to M1 :<\/strong><\/h3>\n\n\n\n<p>Admission by file application and interview, for students holding a bachelor degree in Physics, Physics-Chemistry, or Engineering Sciences.<\/p>\n\n\n\n<p>As part of the QuanTEdu project, scholarships (7500 euros) will be awarded on the basis of excellence.<\/p>\n\n\n\n<h3 class=\"wp-block-heading\"><strong>Access to M2 :<\/strong><\/h3>\n\n\n\n<p>Accessible to students who have <a href=\"https:\/\/mastertechq.lpl.univ-paris13.fr\/?page_id=1804\">completed the M1 TechQ<\/a>.<\/p>\n\n\n\n<p>Students from outside the USPN: pre-selection on the basis of a file application followed by an interview for students who have completed an M1 in physics or have obtained an engineering degree with a focus on physics.<\/p>\n\n\n\n<h4 class=\"wp-block-heading\">More information at monmaster.gouv.fr<\/h4>\n\n\n<div class=\"vlp-link-container vlp-layout-basic wp-block-visual-link-preview-link\"><a href=\"https:\/\/monmaster.gouv.fr\/formation\/0931238R\/1900359R1JFC\/detail\" class=\"vlp-link\" title=\"Mon Master - S\u2019informer, candidater, se d\u00e9cider\" rel=\"nofollow\" target=\"_blank\"><\/a><div class=\"vlp-layout-zone-side\"><div class=\"vlp-block-2 vlp-link-image\"><img decoding=\"async\" src=\"https:\/\/monmaster.gouv.fr\/assets\/images\/Mon_Master_noir_vert_RVB.png\" style=\"max-width: 150px; max-height: 150px\" \/><\/div><\/div><div class=\"vlp-layout-zone-main\"><div class=\"vlp-block-0 vlp-link-title\">Mon Master &#8211; S\u2019informer, candidater, se d\u00e9cider<\/div><div class=\"vlp-block-1 vlp-link-summary\">Mon Master est la plateforme nationale permettant de candidater en premi\u00e8re ann\u00e9e des formations conduisant au dipl\u00f4me national de master. Recherchez des formations, candidatez-y et suivez votre processus d\u2019admission sur une plateforme unique.<\/div><\/div><\/div><\/div>\n\n\n\n<div id=\"wp-block-themeisle-blocks-advanced-column-ddbc506c\" class=\"wp-block-themeisle-blocks-advanced-column\"><div class=\"wp-block-themeisle-blocks-advanced-column-overlay\"><\/div>\n<h4 class=\"wp-block-heading\"><strong>Information and registration:<\/strong><\/h4>\n\n\n\n<div class=\"wp-block-group is-layout-constrained wp-block-group-is-layout-constrained\">\n<div id=\"wp-block-themeisle-blocks-icon-list-fed49fae\" class=\"wp-block-themeisle-blocks-icon-list\">\n<div id=\"wp-block-themeisle-blocks-icon-list-item-5d8caec0\" class=\"wp-block-themeisle-blocks-icon-list-item\"><i class=\"fas fa-map-marker-alt wp-block-themeisle-blocks-icon-list-item-icon-custom\"><\/i><p class=\"wp-block-themeisle-blocks-icon-list-item-content\"><strong>Location: <\/strong>Institut Galil\u00e9e, <a href=\"https:\/\/www.google.com\/maps\/place\/48.95781497411644, 2.3399179951423976\" target=\"_blank\" rel=\"noreferrer noopener\">office H204<\/a><\/p><\/div>\n\n\n\n<div id=\"wp-block-themeisle-blocks-icon-list-item-8097cbc0\" class=\"wp-block-themeisle-blocks-icon-list-item\"><i class=\"fas fa-envelope wp-block-themeisle-blocks-icon-list-item-icon-custom\"><\/i><p class=\"wp-block-themeisle-blocks-icon-list-item-content\"><strong>Email: <\/strong><a href=\"mailto:tq.master.galilee@univ-paris13.fr\" target=\"_blank\" rel=\"noreferrer noopener\">tq.master.galilee@univ-paris13.fr<\/a><\/p><\/div>\n\n\n\n<div id=\"wp-block-themeisle-blocks-icon-list-item-5b41b691\" class=\"wp-block-themeisle-blocks-icon-list-item\"><i class=\"fas fa-phone wp-block-themeisle-blocks-icon-list-item-icon-custom\"><\/i><p class=\"wp-block-themeisle-blocks-icon-list-item-content\"><strong>Telephone: <\/strong><a href=\"tel:33149403925\">+33 1 49 40 39 25<\/a><\/p><\/div>\n<\/div>\n<\/div>\n\n\n\n<div style=\"height:43px\" aria-hidden=\"true\" class=\"wp-block-spacer\"><\/div>\n\n\n\n<h4 class=\"wp-block-heading\"><strong>Registration fees:<\/strong><\/h4>\n\n\n\n<p>See <a href=\"https:\/\/www.univ-spn.fr\/inscriptions\/\" target=\"_blank\" rel=\"noreferrer noopener\">https:\/\/www.univ-spn.fr\/inscriptions\/<\/a><\/p>\n<\/div>\n<\/div><\/div>\n\n\n\n<h3 class=\"wp-block-heading\"><strong>Student life: supervised sports activities,<br>cultural life, library, etc&#8230;<\/strong><\/h3>\n\n\n\n<p>See USPN&rsquo;s website: <a href=\"https:\/\/www.univ-spn.fr\/\" target=\"_blank\" rel=\"noreferrer noopener\">https:\/\/www.univ-spn.fr\/<\/a><\/p>\n","protected":false},"excerpt":{"rendered":"<p>Admission requirements and scholarships Student life: supervised sports activities,cultural life, library, etc&#8230; See USPN&rsquo;s website: https:\/\/www.univ-spn.fr\/<\/p>\n","protected":false},"author":2,"featured_media":0,"parent":1816,"menu_order":0,"comment_status":"closed","ping_status":"closed","template":"","meta":{"_themeisle_gutenberg_block_has_review":false,"footnotes":""},"class_list":["post-1901","page","type-page","status-publish","hentry"],"blocksy_meta":[],"yoast_head":"<!-- This site is optimized with the Yoast SEO plugin v27.2 - https:\/\/yoast.com\/product\/yoast-seo-wordpress\/ -->\n<title>Registration in M1 or M2 - Grants attribution - Master TechQ<\/title>\n<meta name=\"description\" content=\"Discover how to get into the TechQ Master&#039;s program, starting in M1 or M2. What are the scholarship conditions...\" \/>\n<meta name=\"robots\" content=\"index, follow, max-snippet:-1, max-image-preview:large, max-video-preview:-1\" \/>\n<link rel=\"canonical\" href=\"https:\/\/mastertechq.lpl.univ-paris13.fr\/?page_id=1901\" \/>\n<meta property=\"og:locale\" content=\"fr_FR\" \/>\n<meta property=\"og:type\" content=\"article\" \/>\n<meta property=\"og:title\" content=\"Registration in M1 or M2 - Grants attribution - Master TechQ\" \/>\n<meta property=\"og:description\" content=\"Discover how to get into the TechQ Master&#039;s program, starting in M1 or M2. What are the scholarship conditions...\" \/>\n<meta property=\"og:url\" content=\"https:\/\/mastertechq.lpl.univ-paris13.fr\/?page_id=1901\" \/>\n<meta property=\"og:site_name\" content=\"Master TechQ\" \/>\n<meta property=\"article:modified_time\" content=\"2025-02-04T20:01:33+00:00\" \/>\n<meta property=\"og:image\" content=\"https:\/\/monmaster.gouv.fr\/assets\/images\/Mon_Master_noir_vert_RVB.png\" \/>\n<meta name=\"twitter:card\" content=\"summary_large_image\" \/>\n<meta name=\"twitter:label1\" content=\"Dur\u00e9e de lecture estim\u00e9e\" \/>\n\t<meta name=\"twitter:data1\" content=\"2 minutes\" \/>\n<script type=\"application\/ld+json\" class=\"yoast-schema-graph\">{\"@context\":\"https:\/\/schema.org\",\"@graph\":[{\"@type\":\"WebPage\",\"@id\":\"https:\/\/mastertechq.lpl.univ-paris13.fr\/?page_id=1901\",\"url\":\"https:\/\/mastertechq.lpl.univ-paris13.fr\/?page_id=1901\",\"name\":\"Registration in M1 or M2 - Grants attribution - Master TechQ\",\"isPartOf\":{\"@id\":\"https:\/\/mastertechq.lpl.univ-paris13.fr\/#website\"},\"primaryImageOfPage\":{\"@id\":\"https:\/\/mastertechq.lpl.univ-paris13.fr\/?page_id=1901#primaryimage\"},\"image\":{\"@id\":\"https:\/\/mastertechq.lpl.univ-paris13.fr\/?page_id=1901#primaryimage\"},\"thumbnailUrl\":\"https:\/\/monmaster.gouv.fr\/assets\/images\/Mon_Master_noir_vert_RVB.png\",\"datePublished\":\"2025-01-30T19:16:16+00:00\",\"dateModified\":\"2025-02-04T20:01:33+00:00\",\"description\":\"Discover how to get into the TechQ Master's program, starting in M1 or M2. What are the scholarship conditions...\",\"breadcrumb\":{\"@id\":\"https:\/\/mastertechq.lpl.univ-paris13.fr\/?page_id=1901#breadcrumb\"},\"inLanguage\":\"fr-FR\",\"potentialAction\":[{\"@type\":\"ReadAction\",\"target\":[\"https:\/\/mastertechq.lpl.univ-paris13.fr\/?page_id=1901\"]}]},{\"@type\":\"ImageObject\",\"inLanguage\":\"fr-FR\",\"@id\":\"https:\/\/mastertechq.lpl.univ-paris13.fr\/?page_id=1901#primaryimage\",\"url\":\"https:\/\/monmaster.gouv.fr\/assets\/images\/Mon_Master_noir_vert_RVB.png\",\"contentUrl\":\"https:\/\/monmaster.gouv.fr\/assets\/images\/Mon_Master_noir_vert_RVB.png\"},{\"@type\":\"BreadcrumbList\",\"@id\":\"https:\/\/mastertechq.lpl.univ-paris13.fr\/?page_id=1901#breadcrumb\",\"itemListElement\":[{\"@type\":\"ListItem\",\"position\":1,\"name\":\"Home\",\"item\":\"https:\/\/mastertechq.lpl.univ-paris13.fr\/\"},{\"@type\":\"ListItem\",\"position\":2,\"name\":\"Welcome\",\"item\":\"https:\/\/mastertechq.lpl.univ-paris13.fr\/?lang=en\"},{\"@type\":\"ListItem\",\"position\":3,\"name\":\"Registration\"}]},{\"@type\":\"WebSite\",\"@id\":\"https:\/\/mastertechq.lpl.univ-paris13.fr\/#website\",\"url\":\"https:\/\/mastertechq.lpl.univ-paris13.fr\/\",\"name\":\"Master TechQ\",\"description\":\"Quantum technologies in motion\",\"publisher\":{\"@id\":\"https:\/\/mastertechq.lpl.univ-paris13.fr\/#organization\"},\"potentialAction\":[{\"@type\":\"SearchAction\",\"target\":{\"@type\":\"EntryPoint\",\"urlTemplate\":\"https:\/\/mastertechq.lpl.univ-paris13.fr\/?s={search_term_string}\"},\"query-input\":{\"@type\":\"PropertyValueSpecification\",\"valueRequired\":true,\"valueName\":\"search_term_string\"}}],\"inLanguage\":\"fr-FR\"},{\"@type\":\"Organization\",\"@id\":\"https:\/\/mastertechq.lpl.univ-paris13.fr\/#organization\",\"name\":\"Master TechQ\",\"alternateName\":\"Master Technologies Quantiques\",\"url\":\"https:\/\/mastertechq.lpl.univ-paris13.fr\/\",\"logo\":{\"@type\":\"ImageObject\",\"inLanguage\":\"fr-FR\",\"@id\":\"https:\/\/mastertechq.lpl.univ-paris13.fr\/#\/schema\/logo\/image\/\",\"url\":\"https:\/\/mastertechq.lpl.univ-paris13.fr\/wp-content\/uploads\/2025\/01\/Logo-MTQ.png\",\"contentUrl\":\"https:\/\/mastertechq.lpl.univ-paris13.fr\/wp-content\/uploads\/2025\/01\/Logo-MTQ.png\",\"width\":500,\"height\":500,\"caption\":\"Master TechQ\"},\"image\":{\"@id\":\"https:\/\/mastertechq.lpl.univ-paris13.fr\/#\/schema\/logo\/image\/\"}}]}<\/script>\n<!-- \/ Yoast SEO plugin. -->","yoast_head_json":{"title":"Registration in M1 or M2 - Grants attribution - Master TechQ","description":"Discover how to get into the TechQ Master's program, starting in M1 or M2. What are the scholarship conditions...","robots":{"index":"index","follow":"follow","max-snippet":"max-snippet:-1","max-image-preview":"max-image-preview:large","max-video-preview":"max-video-preview:-1"},"canonical":"https:\/\/mastertechq.lpl.univ-paris13.fr\/?page_id=1901","og_locale":"fr_FR","og_type":"article","og_title":"Registration in M1 or M2 - Grants attribution - Master TechQ","og_description":"Discover how to get into the TechQ Master's program, starting in M1 or M2. What are the scholarship conditions...","og_url":"https:\/\/mastertechq.lpl.univ-paris13.fr\/?page_id=1901","og_site_name":"Master TechQ","article_modified_time":"2025-02-04T20:01:33+00:00","og_image":[{"url":"https:\/\/monmaster.gouv.fr\/assets\/images\/Mon_Master_noir_vert_RVB.png","type":"","width":"","height":""}],"twitter_card":"summary_large_image","twitter_misc":{"Dur\u00e9e de lecture estim\u00e9e":"2 minutes"},"schema":{"@context":"https:\/\/schema.org","@graph":[{"@type":"WebPage","@id":"https:\/\/mastertechq.lpl.univ-paris13.fr\/?page_id=1901","url":"https:\/\/mastertechq.lpl.univ-paris13.fr\/?page_id=1901","name":"Registration in M1 or M2 - Grants attribution - Master TechQ","isPartOf":{"@id":"https:\/\/mastertechq.lpl.univ-paris13.fr\/#website"},"primaryImageOfPage":{"@id":"https:\/\/mastertechq.lpl.univ-paris13.fr\/?page_id=1901#primaryimage"},"image":{"@id":"https:\/\/mastertechq.lpl.univ-paris13.fr\/?page_id=1901#primaryimage"},"thumbnailUrl":"https:\/\/monmaster.gouv.fr\/assets\/images\/Mon_Master_noir_vert_RVB.png","datePublished":"2025-01-30T19:16:16+00:00","dateModified":"2025-02-04T20:01:33+00:00","description":"Discover how to get into the TechQ Master's program, starting in M1 or M2. What are the scholarship conditions...","breadcrumb":{"@id":"https:\/\/mastertechq.lpl.univ-paris13.fr\/?page_id=1901#breadcrumb"},"inLanguage":"fr-FR","potentialAction":[{"@type":"ReadAction","target":["https:\/\/mastertechq.lpl.univ-paris13.fr\/?page_id=1901"]}]},{"@type":"ImageObject","inLanguage":"fr-FR","@id":"https:\/\/mastertechq.lpl.univ-paris13.fr\/?page_id=1901#primaryimage","url":"https:\/\/monmaster.gouv.fr\/assets\/images\/Mon_Master_noir_vert_RVB.png","contentUrl":"https:\/\/monmaster.gouv.fr\/assets\/images\/Mon_Master_noir_vert_RVB.png"},{"@type":"BreadcrumbList","@id":"https:\/\/mastertechq.lpl.univ-paris13.fr\/?page_id=1901#breadcrumb","itemListElement":[{"@type":"ListItem","position":1,"name":"Home","item":"https:\/\/mastertechq.lpl.univ-paris13.fr\/"},{"@type":"ListItem","position":2,"name":"Welcome","item":"https:\/\/mastertechq.lpl.univ-paris13.fr\/?lang=en"},{"@type":"ListItem","position":3,"name":"Registration"}]},{"@type":"WebSite","@id":"https:\/\/mastertechq.lpl.univ-paris13.fr\/#website","url":"https:\/\/mastertechq.lpl.univ-paris13.fr\/","name":"Master TechQ","description":"Quantum technologies in motion","publisher":{"@id":"https:\/\/mastertechq.lpl.univ-paris13.fr\/#organization"},"potentialAction":[{"@type":"SearchAction","target":{"@type":"EntryPoint","urlTemplate":"https:\/\/mastertechq.lpl.univ-paris13.fr\/?s={search_term_string}"},"query-input":{"@type":"PropertyValueSpecification","valueRequired":true,"valueName":"search_term_string"}}],"inLanguage":"fr-FR"},{"@type":"Organization","@id":"https:\/\/mastertechq.lpl.univ-paris13.fr\/#organization","name":"Master TechQ","alternateName":"Master Technologies Quantiques","url":"https:\/\/mastertechq.lpl.univ-paris13.fr\/","logo":{"@type":"ImageObject","inLanguage":"fr-FR","@id":"https:\/\/mastertechq.lpl.univ-paris13.fr\/#\/schema\/logo\/image\/","url":"https:\/\/mastertechq.lpl.univ-paris13.fr\/wp-content\/uploads\/2025\/01\/Logo-MTQ.png","contentUrl":"https:\/\/mastertechq.lpl.univ-paris13.fr\/wp-content\/uploads\/2025\/01\/Logo-MTQ.png","width":500,"height":500,"caption":"Master TechQ"},"image":{"@id":"https:\/\/mastertechq.lpl.univ-paris13.fr\/#\/schema\/logo\/image\/"}}]}},"jetpack_sharing_enabled":true,"_links":{"self":[{"href":"https:\/\/mastertechq.lpl.univ-paris13.fr\/index.php?rest_route=\/wp\/v2\/pages\/1901","targetHints":{"allow":["GET"]}}],"collection":[{"href":"https:\/\/mastertechq.lpl.univ-paris13.fr\/index.php?rest_route=\/wp\/v2\/pages"}],"about":[{"href":"https:\/\/mastertechq.lpl.univ-paris13.fr\/index.php?rest_route=\/wp\/v2\/types\/page"}],"author":[{"embeddable":true,"href":"https:\/\/mastertechq.lpl.univ-paris13.fr\/index.php?rest_route=\/wp\/v2\/users\/2"}],"replies":[{"embeddable":true,"href":"https:\/\/mastertechq.lpl.univ-paris13.fr\/index.php?rest_route=%2Fwp%2Fv2%2Fcomments&post=1901"}],"version-history":[{"count":8,"href":"https:\/\/mastertechq.lpl.univ-paris13.fr\/index.php?rest_route=\/wp\/v2\/pages\/1901\/revisions"}],"predecessor-version":[{"id":1953,"href":"https:\/\/mastertechq.lpl.univ-paris13.fr\/index.php?rest_route=\/wp\/v2\/pages\/1901\/revisions\/1953"}],"up":[{"embeddable":true,"href":"https:\/\/mastertechq.lpl.univ-paris13.fr\/index.php?rest_route=\/wp\/v2\/pages\/1816"}],"wp:attachment":[{"href":"https:\/\/mastertechq.lpl.univ-paris13.fr\/index.php?rest_route=%2Fwp%2Fv2%2Fmedia&parent=1901"}],"curies":[{"name":"wp","href":"https:\/\/api.w.org\/{rel}","templated":true}]}}