{"id":2048,"date":"2025-02-05T22:35:21","date_gmt":"2025-02-05T21:35:21","guid":{"rendered":"https:\/\/mastertechq.lpl.univ-paris13.fr\/?page_id=2048"},"modified":"2025-02-05T22:40:04","modified_gmt":"2025-02-05T21:40:04","slug":"lucas-lavoine-en","status":"publish","type":"page","link":"https:\/\/mastertechq.lpl.univ-paris13.fr\/?page_id=2048","title":{"rendered":"Lucas Lavoine &#8211; en"},"content":{"rendered":"\n<div id=\"wp-block-themeisle-blocks-advanced-columns-07f9e39b\" class=\"wp-block-themeisle-blocks-advanced-columns alignfull has-1-columns has-desktop-equal-layout has-tablet-equal-layout has-mobile-collapsedRows-layout has-vertical-center ticss-c00aadba\"><div class=\"wp-block-themeisle-blocks-advanced-columns-overlay\"><\/div><div class=\"innerblocks-wrap\">\n<div id=\"wp-block-themeisle-blocks-advanced-column-9bce96d7\" class=\"wp-block-themeisle-blocks-advanced-column\">\n<div id=\"wp-block-themeisle-blocks-advanced-columns-aeb872df\" class=\"wp-block-themeisle-blocks-advanced-columns has-2-columns has-desktop-oneTwo-layout has-tablet-equal-layout has-mobile-collapsedRows-layout has-vertical-unset\"><div class=\"wp-block-themeisle-blocks-advanced-columns-overlay\"><\/div><div class=\"innerblocks-wrap\">\n<div id=\"wp-block-themeisle-blocks-advanced-column-04b60404\" class=\"wp-block-themeisle-blocks-advanced-column\">\n<div class=\"wp-block-group is-vertical is-content-justification-center is-layout-flex wp-container-core-group-is-layout-b6c1f246 wp-block-group-is-layout-flex\">\n<figure class=\"wp-block-image aligncenter size-full is-resized has-custom-border is-style-default wp-duotone-unset-1\" id=\"wp-block-themeisle-blocks-image-30e00f77\"><img decoding=\"async\" src=\"https:\/\/mastertechq.lpl.univ-paris13.fr\/wp-content\/uploads\/2025\/01\/Profil-Lucas-Lavoine-e1736418422725.jpg\" alt=\"\" class=\"wp-image-569\" style=\"border-radius:20px;width:240px;height:auto\"\/><\/figure>\n\n\n\n<h2 id=\"wp-block-themeisle-blocks-advanced-heading-bbda2e30\" class=\"wp-block-themeisle-blocks-advanced-heading wp-block-themeisle-blocks-advanced-heading-bbda2e30\">Lucas Lavoine<\/h2>\n\n\n\n<h5 class=\"wp-block-heading has-text-align-center\"><mark style=\"background-color:rgba(0, 0, 0, 0)\" class=\"has-inline-color has-palette-color-3-color\">ASSOCIATE PROFESSOR<\/mark><\/h5>\n\n\n\n<div class=\"wp-block-group is-content-justification-center is-nowrap is-layout-flex wp-container-core-group-is-layout-23441af8 wp-block-group-is-layout-flex\">\n<div class=\"wp-block-outermost-icon-block items-justified-center\"><a class=\"icon-container\" href=\"https:\/\/orcid.org\/0009-0004-6489-0257\" target=\"_blank\" rel=\"noreferrer noopener\" style=\"width:32px;transform:rotate(0deg) scaleX(1) scaleY(1)\"><svg xmlns=\"http:\/\/www.w3.org\/2000\/svg\" width=\"32\" height=\"32\" fill=\"none\"><path fill-rule=\"evenodd\" clip-rule=\"evenodd\" d=\"M32 16c0 8.837-7.163 16-16 16-8.838 0-16-7.163-16-16C0 7.162 7.162 0 16 0c8.837 0 16 7.162 16 16Z\" fill=\"#A6CE39\"><\/path><path fill-rule=\"evenodd\" clip-rule=\"evenodd\" d=\"M18.813 9.637h-5.45v13.9h5.474c4.555 0 7.35-3.378 7.35-6.95 0-1.635-.562-3.372-1.77-4.704-1.215-1.336-3.065-2.246-5.605-2.246ZM18.6 21.3h-2.813v-9.425H18.5c1.823 0 3.12.552 3.96 1.4.842.849 1.252 2.021 1.252 3.312 0 .784-.239 1.967-.993 2.948-.745.969-2.01 1.765-4.119 1.765Zm5.311-4.026c-.251 1.74-1.494 4.276-5.311 4.276h-3.063H18.6c3.817 0 5.06-2.536 5.311-4.276Zm1.812-2.405c-.657-2.601-2.85-4.982-6.91-4.982h-5.2 5.2c4.06 0 6.253 2.38 6.91 4.982Zm.215 1.718ZM8.363 9.675v13.887h2.425V9.675H8.363Zm2.175 13.637H8.612h1.925ZM9.575 8.65c.84 0 1.513-.689 1.513-1.513 0-.823-.673-1.512-1.513-1.512-.838 0-1.512.674-1.512 1.513 0 .823.672 1.512 1.512 1.512Z\" fill=\"#fff\"><\/path><\/svg><\/a><\/div>\n\n\n\n<div class=\"wp-block-outermost-icon-block\"><a class=\"icon-container\" href=\"https:\/\/www.researchgate.net\/profile\/Lucas-Lavoine\" target=\"_blank\" rel=\"noreferrer noopener\" style=\"width:48px;transform:rotate(0deg) scaleX(1) scaleY(1)\"><svg xmlns=\"http:\/\/www.w3.org\/2000\/svg\" viewBox=\"0 0 24 24\" aria-hidden=\"true\"><path d=\"M13 5c-3.3 0-6 2.7-6 6 0 1.4.5 2.7 1.3 3.7l-3.8 3.8 1.1 1.1 3.8-3.8c1 .8 2.3 1.3 3.7 1.3 3.3 0 6-2.7 6-6S16.3 5 13 5zm0 10.5c-2.5 0-4.5-2-4.5-4.5s2-4.5 4.5-4.5 4.5 2 4.5 4.5-2 4.5-4.5 4.5z\"><\/path><\/svg><\/a><\/div>\n\n\n\n<div class=\"wp-block-outermost-icon-block\"><a class=\"icon-container\" href=\"mailto:lucas.lavoine@univ-paris13.fr\" target=\"_blank\" rel=\"noreferrer noopener\" style=\"width:48px;transform:rotate(0deg) scaleX(1) scaleY(1)\"><svg xmlns=\"http:\/\/www.w3.org\/2000\/svg\" viewBox=\"0 0 24 24\" aria-hidden=\"true\"><path d=\"M20,4H4C2.895,4,2,4.895,2,6v12c0,1.105,0.895,2,2,2h16c1.105,0,2-0.895,2-2V6C22,4.895,21.105,4,20,4z M20,8.236l-8,4.882 L4,8.236V6h16V8.236z\"><\/path><\/svg><\/a><\/div>\n<\/div>\n\n\n\n<p class=\"has-text-align-left\"><strong>Office:<\/strong> E019, Campus Villetaneuse<\/p>\n\n\n\n<p class=\"has-text-align-center\">Research group <a data-type=\"link\" data-id=\"https:\/\/www.lpl.univ-paris13.fr\/transfert-de-frequences-par-lien-optique\/\" href=\"https:\/\/gqm.lpl.univ-paris13.fr\/Index.htm\" target=\"_blank\" rel=\"noreferrer noopener\">website<\/a><br>Laboratory <a data-type=\"link\" data-id=\"https:\/\/www.lpl.univ-paris13.fr\/\" href=\"https:\/\/www.lpl.univ-paris13.fr\/\" target=\"_blank\" rel=\"noreferrer noopener\">website<\/a><\/p>\n<\/div>\n<\/div>\n\n\n\n<div id=\"wp-block-themeisle-blocks-advanced-column-abd8dd7d\" class=\"wp-block-themeisle-blocks-advanced-column\">\n<div class=\"wp-block-group is-nowrap is-layout-flex wp-container-core-group-is-layout-6c531013 wp-block-group-is-layout-flex\">\n<hr class=\"wp-block-separator has-alpha-channel-opacity\"\/>\n\n\n\n<div class=\"wp-block-group is-vertical is-layout-flex wp-container-core-group-is-layout-fe9cc265 wp-block-group-is-layout-flex\">\n<h4 class=\"wp-block-heading\"><em><em>My research background:<\/em><\/em><\/h4>\n\n\n\n<p class=\"has-text-align-left\"><strong>2024 &#8212;<\/strong> Associate professor at Universit\u00e9 Paris 13 in the Magnetic Quantum Gases team of the Laboratoire de Physique des Laser.<br><strong>2022 &#8211; 2024<\/strong> Postdoctorate in Tilman Pfau&rsquo;s group (Stuttgart) on magnetic quantum gases and supersolidity.<br><strong>2019 &#8211; 2022<\/strong> PhD at the Institut d&rsquo;Optique in the Quantum Gases group on the control of interatomic interactions in Bose-Einstein condensate mixtures.<\/p>\n\n\n\n<p class=\"has-text-align-left\">My research is experimental and currently revolves around a quantum gas experiment involving chromium atoms confined in optical lattices. I&rsquo;m interested in collective phenomena in strongly-correlated regimes for systems featuring long-range dipolar interactions.<\/p>\n\n\n\n<h4 class=\"wp-block-heading\"><em><em>Courses taught:<\/em><\/em><\/h4>\n\n\n\n<ul class=\"wp-block-list\">\n<li>Physique pour les Technologies Quantiques 3 : Diffraction, imagerie, lasers, optique gaussienne <a href=\"https:\/\/mastertechq.lpl.univ-paris13.fr\/?page_id=762\"><img decoding=\"async\" width=\"25\" height=\"25\" class=\"wp-image-258\" style=\"width: 25px;\" src=\"https:\/\/mastertechq.lpl.univ-paris13.fr\/wp-content\/uploads\/2024\/12\/Arrow-fe2f47.svg\" alt=\"\"><\/a><\/li>\n<\/ul>\n\n\n\n<h4 class=\"wp-block-heading\"><em>Research themes<em>:<\/em><\/em><\/h4>\n\n\n\n<ul class=\"wp-block-list\">\n<li>Quantum simulation<\/li>\n\n\n\n<li>Quantum thermalization<\/li>\n\n\n\n<li>Quantum gases<\/li>\n<\/ul>\n<\/div>\n<\/div>\n<\/div>\n<\/div><\/div>\n\n\n\n<div style=\"height:52px\" aria-hidden=\"true\" class=\"wp-block-spacer\"><\/div>\n\n\n\n<figure class=\"wp-block-image aligncenter size-large is-resized\"><img decoding=\"async\" width=\"1024\" height=\"681\" src=\"https:\/\/mastertechq.lpl.univ-paris13.fr\/wp-content\/uploads\/2025\/01\/BRA9604-1024x681.jpg\" alt=\"\" class=\"wp-image-920\" style=\"box-shadow:var(--wp--preset--shadow--sharp);width:662px;height:auto\" srcset=\"https:\/\/mastertechq.lpl.univ-paris13.fr\/wp-content\/uploads\/2025\/01\/BRA9604-1024x681.jpg 1024w, https:\/\/mastertechq.lpl.univ-paris13.fr\/wp-content\/uploads\/2025\/01\/BRA9604-300x200.jpg 300w, https:\/\/mastertechq.lpl.univ-paris13.fr\/wp-content\/uploads\/2025\/01\/BRA9604-768x511.jpg 768w, https:\/\/mastertechq.lpl.univ-paris13.fr\/wp-content\/uploads\/2025\/01\/BRA9604-1536x1022.jpg 1536w, https:\/\/mastertechq.lpl.univ-paris13.fr\/wp-content\/uploads\/2025\/01\/BRA9604-2048x1363.jpg 2048w\" sizes=\"(max-width: 1024px) 100vw, 1024px\" \/><figcaption class=\"wp-element-caption\">Setup for optical lattices.<\/figcaption><\/figure>\n\n\n\n<h4 class=\"wp-block-heading\">A few selected articles<\/h4>\n\n\n\n<blockquote class=\"wp-block-quote is-style-default is-layout-flow wp-block-quote-is-layout-flow\">\n<ul class=\"wp-block-list\">\n<li>J. Hertkorn, P. St\u00fcrmer, K. Mukherjee, K. S. H. Ng, P. Uerlings, F. Hellstern, L. Lavoine, S. M. Reimann, T. Pfau, and R. Klemt, \u00ab<em>Decoupled sound and amplitude modes in trapped dipolar supersolids<\/em>\u00bb, Phys. Rev. Research <strong>6<\/strong>, L042056 (2024).<br>DOI: <a href=\"https:\/\/doi.org\/10.1103\/PhysRevResearch.6.L042056\" target=\"_blank\" rel=\"noreferrer noopener\">10.1103\/PhysRevResearch.6.L042056<\/a><\/li>\n\n\n\n<li>L. Lavoine, A. Hammond, A. Recati, D.\u2009S. Petrov, and T. Bourdel, \u00ab<em>Beyond-Mean-Field Effects in Rabi-Coupled Two-Component Bose-Einstein Condensate<\/em>\u00bb, Phys. Rev. Lett. <strong>127<\/strong>, 203402 (2021).<br>DOI: <a href=\"http:\/\/doi.org\/10.1103\/PhysRevLett.127.203402\" data-type=\"link\" data-id=\"doi.org\/10.1364\/AO.435274\" target=\"_blank\" rel=\"noreferrer noopener\"><\/a><a href=\"https:\/\/doi.org\/10.1103\/PhysRevLett.127.203402\" target=\"_blank\" rel=\"noreferrer noopener\">10.1103\/PhysRevLett.127.203402<\/a><\/li>\n<\/ul>\n<\/blockquote>\n\n\n\n<div style=\"height:52px\" aria-hidden=\"true\" class=\"wp-block-spacer\"><\/div>\n\n\n<div id=\"wphal-content\"><div id=\"meta\">\n        <div class=\"display\" id=\"wphal-contact\" style=\"display: none\">\n            <h3 class=\"wphal-titre\">Contact<\/h3>\n\n            <ul id=\"wphal-cont\" style=\"list-style-type: none\"><\/ul>\n        <\/div>\n        <div class=\"display\" id=\"wphal-disciplines\" style=\"display: none\">\n            <h3 class=\"wphal-titre\">Disciplines<\/h3><\/div>\n        <div class=\"display\" id=\"wphal-keywords\" style=\"display: none\">\n            <h3 class=\"wphal-titre\">Mots-clefs<\/h3><\/div>\n        <div class=\"display\" id=\"wphal-auteurs\" style=\"display: none\">\n            <h3 class=\"wphal-titre\">Auteurs<\/h3><\/div>\n        <div class=\"display\" id=\"wphal-affiliated\" style=\"display: none\">\n            <h3 class=\"wphal-titre\">Auteurs de la structure<\/h3><\/div>\n        <div class=\"display\" id=\"wphal-revues\" style=\"display: none\">\n            <h3 class=\"wphal-titre\">Revues<\/h3><\/div>\n        <div class=\"display\" id=\"wphal-annees\" style=\"display: none\">\n            <h3 class=\"wphal-titre\">Ann\u00e9e de production<\/h3><\/div>\n        <div class=\"display\" id=\"wphal-insts\" style=\"display: none\">\n            <h3 class=\"wphal-titre\">Institutions<\/h3><\/div>\n       <div class=\"display\" id=\"wphal-labs\" style=\"display: none\">\n            <h3 class=\"wphal-titre\">Laboratoires<\/h3><\/div>\n       <div class=\"display\" id=\"wphal-depts\" style=\"display: none\">\n            <h3 class=\"wphal-titre\">D\u00e9partements<\/h3><\/div>\n       <div class=\"display\" id=\"wphal-equipes\" style=\"display: none\">\n            <h3 class=\"wphal-titre\">\u00c9quipes de recherche<\/h3><\/div>\n    <div class=\"display\" id=\"publications\"><div class=\"counter-doc\"><span class=\"wphal-nbtot\">8 <\/span>documents<\/div><br><ul><li>Roy Eid, Alfred Hammond, Lucas Lavoine, Thomas Bourdel. Ultra-cold atom quantum tunneling through single and double optical barriers. <i>Physical Review A<\/i>, 2024, 110, pp.043316. <a target=\"_blank\" href=\"https:\/\/dx.doi.org\/10.1103\/PhysRevA.110.043316\">&#x27E8;10.1103\/PhysRevA.110.043316&#x27E9;<\/a>. <a target=\"_blank\" href=\"https:\/\/hal.science\/hal-04584778v2\">&#x27E8;hal-04584778v2&#x27E9;<\/a><\/li><li>Lucas Lavoine. M\u00e9lange de spin dans un condensat de Bose-Einstein : Gouttelette quantique et couplage coh\u00e9rent. Optique [physics.optics]. Universit\u00e9 Paris-Saclay, 2022. Fran\u00e7ais. <a target=\"_blank\" href=\"https:\/\/www.theses.fr\/2022UPASP099\">&#x27E8;NNT : 2022UPASP099&#x27E9;<\/a>. <a target=\"_blank\" href=\"https:\/\/pastel.hal.science\/tel-04054920v1\">&#x27E8;tel-04054920&#x27E9;<\/a><\/li><li>A. Hammond, L. Lavoine, Thomas Bourdel. Tunable three-body interactions in driven two-component Bose-Einstein condensates. <i>Physical Review Letters<\/i>, 2022, 128, pp.083401. <a target=\"_blank\" href=\"https:\/\/dx.doi.org\/10.1103\/PhysRevLett.128.083401\">&#x27E8;10.1103\/PhysRevLett.128.083401&#x27E9;<\/a>. <a target=\"_blank\" href=\"https:\/\/hal.science\/hal-03455531v1\">&#x27E8;hal-03455531&#x27E9;<\/a><\/li><li>Lucas Lavoine, Alfred Hammond, Alessio Recati, Dmitry Petrov, Thomas Bourdel. Interaction control in two-component Bose-Einstein condensates. <i>R\u00e9union annuelle du GDR gaz quantiques<\/i>, 2022, Lille (FR), France. <a target=\"_blank\" href=\"https:\/\/hal.science\/hal-04387997v1\">&#x27E8;hal-04387997&#x27E9;<\/a><\/li><li>L Lavoine, A Hammond, A Recati, Dmitry Petrov, Thomas Bourdel. Beyond-mean-field effects in Rabi-coupled two-component Bose-Einstein condensate. <i>Physical Review Letters<\/i>, 2021, 127, pp.203402. <a target=\"_blank\" href=\"https:\/\/dx.doi.org\/10.1103\/PhysRevLett.127.203402\">&#x27E8;10.1103\/PhysRevLett.127.203402&#x27E9;<\/a>. <a target=\"_blank\" href=\"https:\/\/hal.science\/hal-03232484v5\">&#x27E8;hal-03232484v5&#x27E9;<\/a><\/li><li>L. Lavoine, Thomas Bourdel. Beyond-mean-field crossover from one dimension to three dimensions in quantum droplets of binary mixtures. <i>Physical Review A<\/i>, 2021, 103 (3), pp.033312. <a target=\"_blank\" href=\"https:\/\/dx.doi.org\/10.1103\/PhysRevA.103.033312\">&#x27E8;10.1103\/PhysRevA.103.033312&#x27E9;<\/a>. <a target=\"_blank\" href=\"https:\/\/hal.science\/hal-03021471v2\">&#x27E8;hal-03021471v2&#x27E9;<\/a><\/li><li>Alfred Hammond, Lucas Lavoine, Alessio Recati, Dmitry Petrov, Thomas Bourdel. Beyond mean-field effects in two-components BEC. <i>Laser physics conference<\/i>, 2021, En ligne, France. <a target=\"_blank\" href=\"https:\/\/hal.science\/hal-04388004v1\">&#x27E8;hal-04388004&#x27E9;<\/a><\/li><li>G. Berthet, L. Lavoine, M. K. Parit, A. Brolis, Amaudric Boiss\u00e9, et al.. Observation of the algebraic localization-delocalization transition in a 1D disordered potential with a bias force. <i>Physical Review Research<\/i>, 2020, 2, pp.013386. <a target=\"_blank\" href=\"https:\/\/dx.doi.org\/10.1103\/PhysRevResearch.2.013386\">&#x27E8;10.1103\/PhysRevResearch.2.013386&#x27E9;<\/a>. <a target=\"_blank\" href=\"https:\/\/hal.science\/hal-02262460v1\">&#x27E8;hal-02262460&#x27E9;<\/a><\/li><\/ul><\/div>\n    <\/div>\n<\/div><div class=\"wphal-footer\"><p style=\"color:#B3B2B0\">Documents r\u00e9cup\u00e9r\u00e9s de l'archive ouverte HAL&nbsp;<a href=\"https:\/\/hal.science\/\" target=\"_blank\"><img decoding=\"async\" alt=\"logo\" src=\"https:\/\/mastertechq.lpl.univ-paris13.fr\/wp-content\/plugins\/hal\/img\/logo-hal.png\" style=\"width:90px\"><\/a><\/p><\/div>\n<\/div>\n<\/div><\/div>\n","protected":false},"excerpt":{"rendered":"","protected":false},"author":2,"featured_media":0,"parent":92,"menu_order":0,"comment_status":"closed","ping_status":"closed","template":"","meta":{"_themeisle_gutenberg_block_has_review":false,"footnotes":""},"class_list":["post-2048","page","type-page","status-publish","hentry"],"blocksy_meta":[],"yoast_head":"<!-- This site is optimized with the Yoast SEO plugin v27.2 - https:\/\/yoast.com\/product\/yoast-seo-wordpress\/ -->\n<title>Lucas Lavoine - en - Master TechQ<\/title>\n<meta name=\"robots\" content=\"index, follow, max-snippet:-1, max-image-preview:large, max-video-preview:-1\" \/>\n<link rel=\"canonical\" href=\"https:\/\/mastertechq.lpl.univ-paris13.fr\/?page_id=2048\" \/>\n<meta property=\"og:locale\" content=\"fr_FR\" \/>\n<meta property=\"og:type\" content=\"article\" \/>\n<meta property=\"og:title\" content=\"Lucas Lavoine - en - Master TechQ\" \/>\n<meta property=\"og:url\" content=\"https:\/\/mastertechq.lpl.univ-paris13.fr\/?page_id=2048\" \/>\n<meta property=\"og:site_name\" content=\"Master TechQ\" \/>\n<meta property=\"article:modified_time\" content=\"2025-02-05T21:40:04+00:00\" \/>\n<meta property=\"og:image\" content=\"https:\/\/mastertechq.lpl.univ-paris13.fr\/wp-content\/uploads\/2025\/01\/Profil-Lucas-Lavoine-e1736426170643.jpg\" \/>\n\t<meta property=\"og:image:width\" content=\"146\" \/>\n\t<meta property=\"og:image:height\" content=\"219\" \/>\n\t<meta property=\"og:image:type\" content=\"image\/jpeg\" \/>\n<meta name=\"twitter:card\" content=\"summary_large_image\" \/>\n<meta name=\"twitter:label1\" content=\"Dur\u00e9e de lecture estim\u00e9e\" \/>\n\t<meta name=\"twitter:data1\" content=\"2 minutes\" \/>\n<script type=\"application\/ld+json\" class=\"yoast-schema-graph\">{\"@context\":\"https:\/\/schema.org\",\"@graph\":[{\"@type\":\"WebPage\",\"@id\":\"https:\/\/mastertechq.lpl.univ-paris13.fr\/?page_id=2048\",\"url\":\"https:\/\/mastertechq.lpl.univ-paris13.fr\/?page_id=2048\",\"name\":\"Lucas Lavoine - en - Master TechQ\",\"isPartOf\":{\"@id\":\"https:\/\/mastertechq.lpl.univ-paris13.fr\/#website\"},\"primaryImageOfPage\":{\"@id\":\"https:\/\/mastertechq.lpl.univ-paris13.fr\/?page_id=2048#primaryimage\"},\"image\":{\"@id\":\"https:\/\/mastertechq.lpl.univ-paris13.fr\/?page_id=2048#primaryimage\"},\"thumbnailUrl\":\"https:\/\/mastertechq.lpl.univ-paris13.fr\/wp-content\/uploads\/2025\/01\/Profil-Lucas-Lavoine-e1736418422725.jpg\",\"datePublished\":\"2025-02-05T21:35:21+00:00\",\"dateModified\":\"2025-02-05T21:40:04+00:00\",\"breadcrumb\":{\"@id\":\"https:\/\/mastertechq.lpl.univ-paris13.fr\/?page_id=2048#breadcrumb\"},\"inLanguage\":\"fr-FR\",\"potentialAction\":[{\"@type\":\"ReadAction\",\"target\":[\"https:\/\/mastertechq.lpl.univ-paris13.fr\/?page_id=2048\"]}]},{\"@type\":\"ImageObject\",\"inLanguage\":\"fr-FR\",\"@id\":\"https:\/\/mastertechq.lpl.univ-paris13.fr\/?page_id=2048#primaryimage\",\"url\":\"https:\/\/mastertechq.lpl.univ-paris13.fr\/wp-content\/uploads\/2025\/01\/Profil-Lucas-Lavoine-e1736426170643.jpg\",\"contentUrl\":\"https:\/\/mastertechq.lpl.univ-paris13.fr\/wp-content\/uploads\/2025\/01\/Profil-Lucas-Lavoine-e1736426170643.jpg\",\"width\":146,\"height\":219},{\"@type\":\"BreadcrumbList\",\"@id\":\"https:\/\/mastertechq.lpl.univ-paris13.fr\/?page_id=2048#breadcrumb\",\"itemListElement\":[{\"@type\":\"ListItem\",\"position\":1,\"name\":\"Home\",\"item\":\"https:\/\/mastertechq.lpl.univ-paris13.fr\/\"},{\"@type\":\"ListItem\",\"position\":2,\"name\":\"Teaching team\",\"item\":\"https:\/\/mastertechq.lpl.univ-paris13.fr\/?page_id=92\"},{\"@type\":\"ListItem\",\"position\":3,\"name\":\"Lucas Lavoine &#8211; en\"}]},{\"@type\":\"WebSite\",\"@id\":\"https:\/\/mastertechq.lpl.univ-paris13.fr\/#website\",\"url\":\"https:\/\/mastertechq.lpl.univ-paris13.fr\/\",\"name\":\"Master TechQ\",\"description\":\"Quantum technologies in motion\",\"publisher\":{\"@id\":\"https:\/\/mastertechq.lpl.univ-paris13.fr\/#organization\"},\"potentialAction\":[{\"@type\":\"SearchAction\",\"target\":{\"@type\":\"EntryPoint\",\"urlTemplate\":\"https:\/\/mastertechq.lpl.univ-paris13.fr\/?s={search_term_string}\"},\"query-input\":{\"@type\":\"PropertyValueSpecification\",\"valueRequired\":true,\"valueName\":\"search_term_string\"}}],\"inLanguage\":\"fr-FR\"},{\"@type\":\"Organization\",\"@id\":\"https:\/\/mastertechq.lpl.univ-paris13.fr\/#organization\",\"name\":\"Master TechQ\",\"alternateName\":\"Master Technologies Quantiques\",\"url\":\"https:\/\/mastertechq.lpl.univ-paris13.fr\/\",\"logo\":{\"@type\":\"ImageObject\",\"inLanguage\":\"fr-FR\",\"@id\":\"https:\/\/mastertechq.lpl.univ-paris13.fr\/#\/schema\/logo\/image\/\",\"url\":\"https:\/\/mastertechq.lpl.univ-paris13.fr\/wp-content\/uploads\/2025\/01\/Logo-MTQ.png\",\"contentUrl\":\"https:\/\/mastertechq.lpl.univ-paris13.fr\/wp-content\/uploads\/2025\/01\/Logo-MTQ.png\",\"width\":500,\"height\":500,\"caption\":\"Master TechQ\"},\"image\":{\"@id\":\"https:\/\/mastertechq.lpl.univ-paris13.fr\/#\/schema\/logo\/image\/\"}}]}<\/script>\n<!-- \/ Yoast SEO plugin. -->","yoast_head_json":{"title":"Lucas Lavoine - en - Master TechQ","robots":{"index":"index","follow":"follow","max-snippet":"max-snippet:-1","max-image-preview":"max-image-preview:large","max-video-preview":"max-video-preview:-1"},"canonical":"https:\/\/mastertechq.lpl.univ-paris13.fr\/?page_id=2048","og_locale":"fr_FR","og_type":"article","og_title":"Lucas Lavoine - en - Master TechQ","og_url":"https:\/\/mastertechq.lpl.univ-paris13.fr\/?page_id=2048","og_site_name":"Master TechQ","article_modified_time":"2025-02-05T21:40:04+00:00","og_image":[{"width":146,"height":219,"url":"https:\/\/mastertechq.lpl.univ-paris13.fr\/wp-content\/uploads\/2025\/01\/Profil-Lucas-Lavoine-e1736426170643.jpg","type":"image\/jpeg"}],"twitter_card":"summary_large_image","twitter_misc":{"Dur\u00e9e de lecture estim\u00e9e":"2 minutes"},"schema":{"@context":"https:\/\/schema.org","@graph":[{"@type":"WebPage","@id":"https:\/\/mastertechq.lpl.univ-paris13.fr\/?page_id=2048","url":"https:\/\/mastertechq.lpl.univ-paris13.fr\/?page_id=2048","name":"Lucas Lavoine - en - Master TechQ","isPartOf":{"@id":"https:\/\/mastertechq.lpl.univ-paris13.fr\/#website"},"primaryImageOfPage":{"@id":"https:\/\/mastertechq.lpl.univ-paris13.fr\/?page_id=2048#primaryimage"},"image":{"@id":"https:\/\/mastertechq.lpl.univ-paris13.fr\/?page_id=2048#primaryimage"},"thumbnailUrl":"https:\/\/mastertechq.lpl.univ-paris13.fr\/wp-content\/uploads\/2025\/01\/Profil-Lucas-Lavoine-e1736418422725.jpg","datePublished":"2025-02-05T21:35:21+00:00","dateModified":"2025-02-05T21:40:04+00:00","breadcrumb":{"@id":"https:\/\/mastertechq.lpl.univ-paris13.fr\/?page_id=2048#breadcrumb"},"inLanguage":"fr-FR","potentialAction":[{"@type":"ReadAction","target":["https:\/\/mastertechq.lpl.univ-paris13.fr\/?page_id=2048"]}]},{"@type":"ImageObject","inLanguage":"fr-FR","@id":"https:\/\/mastertechq.lpl.univ-paris13.fr\/?page_id=2048#primaryimage","url":"https:\/\/mastertechq.lpl.univ-paris13.fr\/wp-content\/uploads\/2025\/01\/Profil-Lucas-Lavoine-e1736426170643.jpg","contentUrl":"https:\/\/mastertechq.lpl.univ-paris13.fr\/wp-content\/uploads\/2025\/01\/Profil-Lucas-Lavoine-e1736426170643.jpg","width":146,"height":219},{"@type":"BreadcrumbList","@id":"https:\/\/mastertechq.lpl.univ-paris13.fr\/?page_id=2048#breadcrumb","itemListElement":[{"@type":"ListItem","position":1,"name":"Home","item":"https:\/\/mastertechq.lpl.univ-paris13.fr\/"},{"@type":"ListItem","position":2,"name":"Teaching team","item":"https:\/\/mastertechq.lpl.univ-paris13.fr\/?page_id=92"},{"@type":"ListItem","position":3,"name":"Lucas Lavoine &#8211; en"}]},{"@type":"WebSite","@id":"https:\/\/mastertechq.lpl.univ-paris13.fr\/#website","url":"https:\/\/mastertechq.lpl.univ-paris13.fr\/","name":"Master TechQ","description":"Quantum technologies in motion","publisher":{"@id":"https:\/\/mastertechq.lpl.univ-paris13.fr\/#organization"},"potentialAction":[{"@type":"SearchAction","target":{"@type":"EntryPoint","urlTemplate":"https:\/\/mastertechq.lpl.univ-paris13.fr\/?s={search_term_string}"},"query-input":{"@type":"PropertyValueSpecification","valueRequired":true,"valueName":"search_term_string"}}],"inLanguage":"fr-FR"},{"@type":"Organization","@id":"https:\/\/mastertechq.lpl.univ-paris13.fr\/#organization","name":"Master TechQ","alternateName":"Master Technologies Quantiques","url":"https:\/\/mastertechq.lpl.univ-paris13.fr\/","logo":{"@type":"ImageObject","inLanguage":"fr-FR","@id":"https:\/\/mastertechq.lpl.univ-paris13.fr\/#\/schema\/logo\/image\/","url":"https:\/\/mastertechq.lpl.univ-paris13.fr\/wp-content\/uploads\/2025\/01\/Logo-MTQ.png","contentUrl":"https:\/\/mastertechq.lpl.univ-paris13.fr\/wp-content\/uploads\/2025\/01\/Logo-MTQ.png","width":500,"height":500,"caption":"Master TechQ"},"image":{"@id":"https:\/\/mastertechq.lpl.univ-paris13.fr\/#\/schema\/logo\/image\/"}}]}},"jetpack_sharing_enabled":true,"_links":{"self":[{"href":"https:\/\/mastertechq.lpl.univ-paris13.fr\/index.php?rest_route=\/wp\/v2\/pages\/2048","targetHints":{"allow":["GET"]}}],"collection":[{"href":"https:\/\/mastertechq.lpl.univ-paris13.fr\/index.php?rest_route=\/wp\/v2\/pages"}],"about":[{"href":"https:\/\/mastertechq.lpl.univ-paris13.fr\/index.php?rest_route=\/wp\/v2\/types\/page"}],"author":[{"embeddable":true,"href":"https:\/\/mastertechq.lpl.univ-paris13.fr\/index.php?rest_route=\/wp\/v2\/users\/2"}],"replies":[{"embeddable":true,"href":"https:\/\/mastertechq.lpl.univ-paris13.fr\/index.php?rest_route=%2Fwp%2Fv2%2Fcomments&post=2048"}],"version-history":[{"count":3,"href":"https:\/\/mastertechq.lpl.univ-paris13.fr\/index.php?rest_route=\/wp\/v2\/pages\/2048\/revisions"}],"predecessor-version":[{"id":2053,"href":"https:\/\/mastertechq.lpl.univ-paris13.fr\/index.php?rest_route=\/wp\/v2\/pages\/2048\/revisions\/2053"}],"up":[{"embeddable":true,"href":"https:\/\/mastertechq.lpl.univ-paris13.fr\/index.php?rest_route=\/wp\/v2\/pages\/92"}],"wp:attachment":[{"href":"https:\/\/mastertechq.lpl.univ-paris13.fr\/index.php?rest_route=%2Fwp%2Fv2%2Fmedia&parent=2048"}],"curies":[{"name":"wp","href":"https:\/\/api.w.org\/{rel}","templated":true}]}}