{"id":645,"date":"2025-01-09T21:15:00","date_gmt":"2025-01-09T20:15:00","guid":{"rendered":"https:\/\/mastertechq.lpl.univ-paris13.fr\/?page_id=645"},"modified":"2025-01-18T02:06:55","modified_gmt":"2025-01-18T01:06:55","slug":"physique-pour-les-technologies-quantiques-2-1","status":"publish","type":"page","link":"https:\/\/mastertechq.lpl.univ-paris13.fr\/?page_id=645","title":{"rendered":"Physique pour les Technologies Quantiques 2-1"},"content":{"rendered":"\n<h2 class=\"wp-block-heading\">Physique pour les Technologies Quantiques 2<\/h2>\n\n\n\n<h3 class=\"wp-block-heading\"><mark style=\"background-color:rgba(0, 0, 0, 0)\" class=\"has-inline-color has-palette-color-1-color\">Propri\u00e9t\u00e9s \u00e9lectroniques des Mat\u00e9riaux<\/mark><\/h3>\n\n\n\n<div id=\"wp-block-themeisle-blocks-advanced-columns-d885d8ee\" class=\"wp-block-themeisle-blocks-advanced-columns has-2-columns has-desktop-twoOne-layout has-tablet-equal-layout has-mobile-collapsedRows-layout has-vertical-unset\"><div class=\"wp-block-themeisle-blocks-advanced-columns-overlay\"><\/div><div class=\"innerblocks-wrap\">\n<div id=\"wp-block-themeisle-blocks-advanced-column-ec83570e\" class=\"wp-block-themeisle-blocks-advanced-column\">\n<h5 class=\"wp-block-heading\">Programme :<\/h5>\n\n\n\n<h5 class=\"wp-block-heading\"><strong>Premi\u00e8re Partie<\/strong><\/h5>\n\n\n\n<h6 class=\"wp-block-heading\">I &#8211; <strong>Th\u00e9orie de Drude appliqu\u00e9e aux m\u00e9taux<\/strong><\/h6>\n\n\n\n<p>Effet Hall, Magn\u00e9tor\u00e9sistance, conduction dans un conducteur non homog\u00e8ne ou \u00e0 temp\u00e9rature non uniforme, chaleur sp\u00e9cifique, limite du mod\u00e8le.<\/p>\n\n\n\n<h6 class=\"wp-block-heading\">II &#8211; <strong>Mod\u00e8le de Sommerfeld<\/strong><\/h6>\n\n\n\n<p>\u00c9lectrons libres \u00e0 temp\u00e9rature nulle, densit\u00e9 d\u2019\u00e9tats, statistique de Fermi-Dirac, th\u00e9orie \u00e0 temp\u00e9rature non-nulle, analyse de quelques propri\u00e9t\u00e9s physiques (chaleur sp\u00e9cifique, susceptibilit\u00e9 de Pauli, conductivit\u00e9 \u00e9lectrique, \u2026).<\/p>\n\n\n\n<h6 class=\"wp-block-heading\">III &#8211; <strong>Rappels autour des r\u00e9seaux cristallins dans l\u2019espace r\u00e9el et r\u00e9ciproque<\/strong><\/h6>\n\n\n\n<p>R\u00e9seaux de Bravais, r\u00e9seaux r\u00e9ciproques, premi\u00e8re zone de Brillouin.<\/p>\n\n\n\n<h6 class=\"wp-block-heading\">IV &#8211; <strong><strong>\u00c9lectrons dans un potentiel p\u00e9riodique<\/strong><\/strong><\/h6>\n\n\n\n<p>Mod\u00e8le des \u00e9lectrons presque libres (th\u00e9orie des perturbations), th\u00e9or\u00e8me de Bloch et th\u00e9orie des bandes, relations de dispersions bidimensionnelles, remplissage des bandes (isolant, conducteur, semi-conducteur).<\/p>\n\n\n\n<h6 class=\"wp-block-heading\">V &#8211; <strong><strong><strong>Les supraconducteurs<\/strong><\/strong><\/strong><\/h6>\n\n\n\n<p>Introduction et ph\u00e9nom\u00e9nologie, chaleur sp\u00e9cifique, \u00e9quation de London, \u00e9l\u00e9ments de la th\u00e9orie BCS (temp\u00e9rature critique, gap d\u2019\u00e9nergie, champ critique), effet Josephson (exemple du magn\u00e9tom\u00e8tre SQUID). <\/p>\n\n\n\n<h5 class=\"wp-block-heading\"><strong><strong>Seconde<\/strong><\/strong> <strong>Partie<\/strong><\/h5>\n\n\n\n<h6 class=\"wp-block-heading\">I &#8211; <strong><strong><strong><strong>Semi-conducteur dans l\u2019approche semi-classique<\/strong><\/strong><\/strong><\/strong><\/h6>\n\n\n\n<p>Trou et masse effective, semi-conducteurs intrins\u00e8ques, extrins\u00e8ques (types N et P), ph\u00e9nom\u00e8nes de transport, conduction \u00e9lectrique, diffusion \u00e9lectrique, processus de g\u00e9n\u00e9ration-recombinaison<\/p>\n\n\n\n<h6 class=\"wp-block-heading\">II &#8211; <strong><strong><strong><strong><strong>Jonctions et diodes<\/strong><\/strong><\/strong><\/strong><\/strong><\/h6>\n\n\n\n<p>Jonction PN, jonction PN \u00e0 l\u2019\u00e9quilibre, jonction PN polaris\u00e9e, avalanche de la jonction et effet Zener, fabrication de la diode \u00e0 jonction, quelques diodes sp\u00e9ciales, application des diodes \u00e0 jonction.<\/p>\n\n\n\n<h6 class=\"wp-block-heading\">III &#8211; <strong>Transistor bipolaire<\/strong><\/h6>\n\n\n\n<p>Pr\u00e9sentation, principe de fonctionnement, polarisation et sch\u00e9ma \u00e9lectrique \u00e9quivalent.<\/p>\n\n\n\n<h6 class=\"wp-block-heading\">IV &#8211; <strong><strong>Transistor \u00e0 effet de champ<\/strong><\/strong><\/h6>\n\n\n\n<p>Transistor \u00e0 effet de champ \u00e0 jonction, transistor MOSFET.<\/p>\n\n\n\n<div style=\"height:34px\" aria-hidden=\"true\" class=\"wp-block-spacer\"><\/div>\n\n\n\n<p><strong>Enseignant :<\/strong> Fatih Zighem et Mohamed Belmeguenai<\/p>\n<\/div>\n\n\n\n<div id=\"wp-block-themeisle-blocks-advanced-column-75b1f3ce\" class=\"wp-block-themeisle-blocks-advanced-column\">\n<div id=\"wp-block-themeisle-blocks-slider-4d728d3d\" class=\"wp-block-themeisle-blocks-slider alignfull glide\" data-per-view=\"1\" data-gap=\"0\" data-peek=\"0\" data-autoplay=\"4000\" data-height=\"450px\" data-hide-arrows=\"true\" data-transition=\"ease-in\"><div class=\"glide__track\" data-glide-el=\"track\"><div class=\"glide__slides\"><div class=\"wp-block-themeisle-blocks-slider-item-wrapper glide__slide\" tabindex=\"0\"><figure><img decoding=\"async\" class=\"wp-block-themeisle-blocks-slider-item\" src=\"https:\/\/mastertechq.lpl.univ-paris13.fr\/wp-content\/uploads\/2025\/01\/OLED-e1736622137869.png\" alt=\"\" title=\"\" data-id=\"960\"\/><\/figure><\/div><div class=\"wp-block-themeisle-blocks-slider-item-wrapper glide__slide\" tabindex=\"0\"><figure><img decoding=\"async\" class=\"wp-block-themeisle-blocks-slider-item\" src=\"https:\/\/mastertechq.lpl.univ-paris13.fr\/wp-content\/uploads\/2025\/01\/IMG_6763-e1736621846720.jpg\" alt=\"\" title=\"\" data-id=\"956\"\/><\/figure><\/div><\/div><div class=\"glide__bullets\" data-glide-el=\"controls[nav]\"><button class=\"glide__bullet\" data-glide-dir=\"=0\"><\/button><button class=\"glide__bullet\" data-glide-dir=\"=1\"><\/button><\/div><\/div><\/div>\n\n\n\n<div style=\"height:80px\" aria-hidden=\"true\" class=\"wp-block-spacer\"><\/div>\n\n\n\n<figure class=\"wp-block-table is-style-stripes\" style=\"font-style:normal;font-weight:400\"><table class=\"has-background has-fixed-layout\" style=\"background-color:#e7b5c3;border-width:2px\"><tbody><tr><td>CM<\/td><td>19.5 H<\/td><\/tr><tr><td>TD<\/td><td>19.5 H<\/td><\/tr><tr><td>ECTS<\/td><td>4<\/td><\/tr><tr><td>Lieu<\/td><td>Villetaneuse<\/td><\/tr><tr><td>Langue<\/td><td>French<\/td><\/tr><\/tbody><\/table><\/figure>\n<\/div>\n<\/div><\/div>\n","protected":false},"excerpt":{"rendered":"<p>Physique pour les Technologies Quantiques 2 Propri\u00e9t\u00e9s \u00e9lectroniques des Mat\u00e9riaux<\/p>\n","protected":false},"author":2,"featured_media":0,"parent":302,"menu_order":0,"comment_status":"closed","ping_status":"closed","template":"","meta":{"_themeisle_gutenberg_block_has_review":false,"footnotes":""},"class_list":["post-645","page","type-page","status-publish","hentry"],"blocksy_meta":[],"yoast_head":"<!-- This site is optimized with the Yoast SEO plugin v27.2 - https:\/\/yoast.com\/product\/yoast-seo-wordpress\/ -->\n<title>Physique pour les Technologies Quantiques 2-1 - Master TechQ<\/title>\n<meta name=\"robots\" content=\"index, follow, max-snippet:-1, max-image-preview:large, max-video-preview:-1\" \/>\n<link rel=\"canonical\" href=\"https:\/\/mastertechq.lpl.univ-paris13.fr\/?page_id=645\" \/>\n<meta property=\"og:locale\" content=\"fr_FR\" \/>\n<meta property=\"og:type\" content=\"article\" \/>\n<meta property=\"og:title\" content=\"Physique pour les Technologies Quantiques 2-1 - Master TechQ\" \/>\n<meta property=\"og:description\" content=\"Physique pour les Technologies Quantiques 2 Propri\u00e9t\u00e9s \u00e9lectroniques des Mat\u00e9riaux\" \/>\n<meta property=\"og:url\" content=\"https:\/\/mastertechq.lpl.univ-paris13.fr\/?page_id=645\" \/>\n<meta property=\"og:site_name\" content=\"Master TechQ\" \/>\n<meta property=\"article:modified_time\" content=\"2025-01-18T01:06:55+00:00\" \/>\n<meta property=\"og:image\" content=\"https:\/\/mastertechq.lpl.univ-paris13.fr\/wp-content\/uploads\/2025\/01\/OLED-e1736622137869.png\" \/>\n<meta name=\"twitter:card\" content=\"summary_large_image\" \/>\n<meta name=\"twitter:label1\" content=\"Dur\u00e9e de lecture estim\u00e9e\" \/>\n\t<meta name=\"twitter:data1\" content=\"2 minutes\" \/>\n<script type=\"application\/ld+json\" class=\"yoast-schema-graph\">{\"@context\":\"https:\/\/schema.org\",\"@graph\":[{\"@type\":\"WebPage\",\"@id\":\"https:\/\/mastertechq.lpl.univ-paris13.fr\/?page_id=645\",\"url\":\"https:\/\/mastertechq.lpl.univ-paris13.fr\/?page_id=645\",\"name\":\"Physique pour les Technologies Quantiques 2-1 - Master TechQ\",\"isPartOf\":{\"@id\":\"https:\/\/mastertechq.lpl.univ-paris13.fr\/#website\"},\"primaryImageOfPage\":{\"@id\":\"https:\/\/mastertechq.lpl.univ-paris13.fr\/?page_id=645#primaryimage\"},\"image\":{\"@id\":\"https:\/\/mastertechq.lpl.univ-paris13.fr\/?page_id=645#primaryimage\"},\"thumbnailUrl\":\"https:\/\/mastertechq.lpl.univ-paris13.fr\/wp-content\/uploads\/2025\/01\/OLED-e1736622137869.png\",\"datePublished\":\"2025-01-09T20:15:00+00:00\",\"dateModified\":\"2025-01-18T01:06:55+00:00\",\"breadcrumb\":{\"@id\":\"https:\/\/mastertechq.lpl.univ-paris13.fr\/?page_id=645#breadcrumb\"},\"inLanguage\":\"fr-FR\",\"potentialAction\":[{\"@type\":\"ReadAction\",\"target\":[\"https:\/\/mastertechq.lpl.univ-paris13.fr\/?page_id=645\"]}]},{\"@type\":\"ImageObject\",\"inLanguage\":\"fr-FR\",\"@id\":\"https:\/\/mastertechq.lpl.univ-paris13.fr\/?page_id=645#primaryimage\",\"url\":\"https:\/\/mastertechq.lpl.univ-paris13.fr\/wp-content\/uploads\/2025\/01\/OLED-e1736622137869.png\",\"contentUrl\":\"https:\/\/mastertechq.lpl.univ-paris13.fr\/wp-content\/uploads\/2025\/01\/OLED-e1736622137869.png\",\"width\":420,\"height\":420},{\"@type\":\"BreadcrumbList\",\"@id\":\"https:\/\/mastertechq.lpl.univ-paris13.fr\/?page_id=645#breadcrumb\",\"itemListElement\":[{\"@type\":\"ListItem\",\"position\":1,\"name\":\"Home\",\"item\":\"https:\/\/mastertechq.lpl.univ-paris13.fr\/\"},{\"@type\":\"ListItem\",\"position\":2,\"name\":\"Formation\",\"item\":\"https:\/\/mastertechq.lpl.univ-paris13.fr\/?page_id=302\"},{\"@type\":\"ListItem\",\"position\":3,\"name\":\"Physique pour les Technologies Quantiques 2-1\"}]},{\"@type\":\"WebSite\",\"@id\":\"https:\/\/mastertechq.lpl.univ-paris13.fr\/#website\",\"url\":\"https:\/\/mastertechq.lpl.univ-paris13.fr\/\",\"name\":\"Master TechQ\",\"description\":\"Quantum technologies in motion\",\"publisher\":{\"@id\":\"https:\/\/mastertechq.lpl.univ-paris13.fr\/#organization\"},\"potentialAction\":[{\"@type\":\"SearchAction\",\"target\":{\"@type\":\"EntryPoint\",\"urlTemplate\":\"https:\/\/mastertechq.lpl.univ-paris13.fr\/?s={search_term_string}\"},\"query-input\":{\"@type\":\"PropertyValueSpecification\",\"valueRequired\":true,\"valueName\":\"search_term_string\"}}],\"inLanguage\":\"fr-FR\"},{\"@type\":\"Organization\",\"@id\":\"https:\/\/mastertechq.lpl.univ-paris13.fr\/#organization\",\"name\":\"Master TechQ\",\"alternateName\":\"Master Technologies Quantiques\",\"url\":\"https:\/\/mastertechq.lpl.univ-paris13.fr\/\",\"logo\":{\"@type\":\"ImageObject\",\"inLanguage\":\"fr-FR\",\"@id\":\"https:\/\/mastertechq.lpl.univ-paris13.fr\/#\/schema\/logo\/image\/\",\"url\":\"https:\/\/mastertechq.lpl.univ-paris13.fr\/wp-content\/uploads\/2025\/01\/Logo-MTQ.png\",\"contentUrl\":\"https:\/\/mastertechq.lpl.univ-paris13.fr\/wp-content\/uploads\/2025\/01\/Logo-MTQ.png\",\"width\":500,\"height\":500,\"caption\":\"Master TechQ\"},\"image\":{\"@id\":\"https:\/\/mastertechq.lpl.univ-paris13.fr\/#\/schema\/logo\/image\/\"}}]}<\/script>\n<!-- \/ Yoast SEO plugin. -->","yoast_head_json":{"title":"Physique pour les Technologies Quantiques 2-1 - Master TechQ","robots":{"index":"index","follow":"follow","max-snippet":"max-snippet:-1","max-image-preview":"max-image-preview:large","max-video-preview":"max-video-preview:-1"},"canonical":"https:\/\/mastertechq.lpl.univ-paris13.fr\/?page_id=645","og_locale":"fr_FR","og_type":"article","og_title":"Physique pour les Technologies Quantiques 2-1 - Master TechQ","og_description":"Physique pour les Technologies Quantiques 2 Propri\u00e9t\u00e9s \u00e9lectroniques des Mat\u00e9riaux","og_url":"https:\/\/mastertechq.lpl.univ-paris13.fr\/?page_id=645","og_site_name":"Master TechQ","article_modified_time":"2025-01-18T01:06:55+00:00","og_image":[{"url":"https:\/\/mastertechq.lpl.univ-paris13.fr\/wp-content\/uploads\/2025\/01\/OLED-e1736622137869.png","type":"","width":"","height":""}],"twitter_card":"summary_large_image","twitter_misc":{"Dur\u00e9e de lecture estim\u00e9e":"2 minutes"},"schema":{"@context":"https:\/\/schema.org","@graph":[{"@type":"WebPage","@id":"https:\/\/mastertechq.lpl.univ-paris13.fr\/?page_id=645","url":"https:\/\/mastertechq.lpl.univ-paris13.fr\/?page_id=645","name":"Physique pour les Technologies Quantiques 2-1 - Master TechQ","isPartOf":{"@id":"https:\/\/mastertechq.lpl.univ-paris13.fr\/#website"},"primaryImageOfPage":{"@id":"https:\/\/mastertechq.lpl.univ-paris13.fr\/?page_id=645#primaryimage"},"image":{"@id":"https:\/\/mastertechq.lpl.univ-paris13.fr\/?page_id=645#primaryimage"},"thumbnailUrl":"https:\/\/mastertechq.lpl.univ-paris13.fr\/wp-content\/uploads\/2025\/01\/OLED-e1736622137869.png","datePublished":"2025-01-09T20:15:00+00:00","dateModified":"2025-01-18T01:06:55+00:00","breadcrumb":{"@id":"https:\/\/mastertechq.lpl.univ-paris13.fr\/?page_id=645#breadcrumb"},"inLanguage":"fr-FR","potentialAction":[{"@type":"ReadAction","target":["https:\/\/mastertechq.lpl.univ-paris13.fr\/?page_id=645"]}]},{"@type":"ImageObject","inLanguage":"fr-FR","@id":"https:\/\/mastertechq.lpl.univ-paris13.fr\/?page_id=645#primaryimage","url":"https:\/\/mastertechq.lpl.univ-paris13.fr\/wp-content\/uploads\/2025\/01\/OLED-e1736622137869.png","contentUrl":"https:\/\/mastertechq.lpl.univ-paris13.fr\/wp-content\/uploads\/2025\/01\/OLED-e1736622137869.png","width":420,"height":420},{"@type":"BreadcrumbList","@id":"https:\/\/mastertechq.lpl.univ-paris13.fr\/?page_id=645#breadcrumb","itemListElement":[{"@type":"ListItem","position":1,"name":"Home","item":"https:\/\/mastertechq.lpl.univ-paris13.fr\/"},{"@type":"ListItem","position":2,"name":"Formation","item":"https:\/\/mastertechq.lpl.univ-paris13.fr\/?page_id=302"},{"@type":"ListItem","position":3,"name":"Physique pour les Technologies Quantiques 2-1"}]},{"@type":"WebSite","@id":"https:\/\/mastertechq.lpl.univ-paris13.fr\/#website","url":"https:\/\/mastertechq.lpl.univ-paris13.fr\/","name":"Master TechQ","description":"Quantum technologies in motion","publisher":{"@id":"https:\/\/mastertechq.lpl.univ-paris13.fr\/#organization"},"potentialAction":[{"@type":"SearchAction","target":{"@type":"EntryPoint","urlTemplate":"https:\/\/mastertechq.lpl.univ-paris13.fr\/?s={search_term_string}"},"query-input":{"@type":"PropertyValueSpecification","valueRequired":true,"valueName":"search_term_string"}}],"inLanguage":"fr-FR"},{"@type":"Organization","@id":"https:\/\/mastertechq.lpl.univ-paris13.fr\/#organization","name":"Master TechQ","alternateName":"Master Technologies Quantiques","url":"https:\/\/mastertechq.lpl.univ-paris13.fr\/","logo":{"@type":"ImageObject","inLanguage":"fr-FR","@id":"https:\/\/mastertechq.lpl.univ-paris13.fr\/#\/schema\/logo\/image\/","url":"https:\/\/mastertechq.lpl.univ-paris13.fr\/wp-content\/uploads\/2025\/01\/Logo-MTQ.png","contentUrl":"https:\/\/mastertechq.lpl.univ-paris13.fr\/wp-content\/uploads\/2025\/01\/Logo-MTQ.png","width":500,"height":500,"caption":"Master TechQ"},"image":{"@id":"https:\/\/mastertechq.lpl.univ-paris13.fr\/#\/schema\/logo\/image\/"}}]}},"jetpack_sharing_enabled":true,"_links":{"self":[{"href":"https:\/\/mastertechq.lpl.univ-paris13.fr\/index.php?rest_route=\/wp\/v2\/pages\/645","targetHints":{"allow":["GET"]}}],"collection":[{"href":"https:\/\/mastertechq.lpl.univ-paris13.fr\/index.php?rest_route=\/wp\/v2\/pages"}],"about":[{"href":"https:\/\/mastertechq.lpl.univ-paris13.fr\/index.php?rest_route=\/wp\/v2\/types\/page"}],"author":[{"embeddable":true,"href":"https:\/\/mastertechq.lpl.univ-paris13.fr\/index.php?rest_route=\/wp\/v2\/users\/2"}],"replies":[{"embeddable":true,"href":"https:\/\/mastertechq.lpl.univ-paris13.fr\/index.php?rest_route=%2Fwp%2Fv2%2Fcomments&post=645"}],"version-history":[{"count":18,"href":"https:\/\/mastertechq.lpl.univ-paris13.fr\/index.php?rest_route=\/wp\/v2\/pages\/645\/revisions"}],"predecessor-version":[{"id":1653,"href":"https:\/\/mastertechq.lpl.univ-paris13.fr\/index.php?rest_route=\/wp\/v2\/pages\/645\/revisions\/1653"}],"up":[{"embeddable":true,"href":"https:\/\/mastertechq.lpl.univ-paris13.fr\/index.php?rest_route=\/wp\/v2\/pages\/302"}],"wp:attachment":[{"href":"https:\/\/mastertechq.lpl.univ-paris13.fr\/index.php?rest_route=%2Fwp%2Fv2%2Fmedia&parent=645"}],"curies":[{"name":"wp","href":"https:\/\/api.w.org\/{rel}","templated":true}]}}