{"id":762,"date":"2025-01-11T15:54:42","date_gmt":"2025-01-11T14:54:42","guid":{"rendered":"https:\/\/mastertechq.lpl.univ-paris13.fr\/?page_id=762"},"modified":"2026-01-15T20:46:09","modified_gmt":"2026-01-15T19:46:09","slug":"physique-pour-les-technologies-quantiques-3-2","status":"publish","type":"page","link":"https:\/\/mastertechq.lpl.univ-paris13.fr\/?page_id=762","title":{"rendered":"Physique pour les Technologies Quantiques 3-2"},"content":{"rendered":"\n<h2 class=\"wp-block-heading\">Physique pour les Technologies Quantiques 3<\/h2>\n\n\n\n<h3 class=\"wp-block-heading\"><mark style=\"background-color:rgba(0, 0, 0, 0)\" class=\"has-inline-color has-palette-color-1-color\">Imagerie &#8211; Lasers<\/mark><\/h3>\n\n\n\n<div id=\"wp-block-themeisle-blocks-advanced-columns-d885d8ee\" class=\"wp-block-themeisle-blocks-advanced-columns has-2-columns has-desktop-twoOne-layout has-tablet-equal-layout has-mobile-collapsedRows-layout has-vertical-unset\"><div class=\"wp-block-themeisle-blocks-advanced-columns-overlay\"><\/div><div class=\"innerblocks-wrap\">\n<div id=\"wp-block-themeisle-blocks-advanced-column-ec83570e\" class=\"wp-block-themeisle-blocks-advanced-column\">\n<h5 class=\"wp-block-heading\"><strong>Programme<\/strong> :<\/h5>\n\n\n\n<h6 class=\"wp-block-heading\">I &#8211; <strong>Optique gaussienne<\/strong><\/h6>\n\n\n\n<ul class=\"wp-block-list\">\n<li>Vue d\u2019ensemble du fonctionnement d\u2019un laser<\/li>\n\n\n\n<li>\u00c9quation de propagation d\u2019un faisceau laser<\/li>\n\n\n\n<li>Propri\u00e9t\u00e9s d\u2019un faisceau gaussien&nbsp;: waist, longueur de Rayleigh, phase de Gouy, etc<\/li>\n\n\n\n<li>Outils math\u00e9matiques pour l\u2019\u00e9tude de la propagation d\u2019un faisceau laser \u00e0 travers diff\u00e9rents composants optiques<\/li>\n<\/ul>\n\n\n\n<h6 class=\"wp-block-heading\">II &#8211; <strong>Diffraction<\/strong><\/h6>\n\n\n\n<ul class=\"wp-block-list\">\n<li>\u00c9tude des diff\u00e9rents r\u00e9gimes de diffraction<\/li>\n\n\n\n<li>Analyse de la diffraction \u00e0 travers des ouvertures simples<\/li>\n\n\n\n<li>Impacts de la diffraction sur la conception de syst\u00e8mes optiques<\/li>\n<\/ul>\n\n\n\n<h6 class=\"wp-block-heading\">III &#8211; <strong>Imagerie<\/strong><\/h6>\n\n\n\n<ul class=\"wp-block-list\">\n<li>Formation des images<\/li>\n\n\n\n<li>R\u00e9solution de syst\u00e8me d\u2019imagerie&nbsp;: limite de diffraction, t\u00e2che d\u2019Airy, crit\u00e8re de Rayleigh, profondeur de champ et champ de vue<\/li>\n\n\n\n<li>Aberrations optiques&nbsp;: caract\u00e9risation et techniques de compensation<\/li>\n<\/ul>\n\n\n\n<h6 class=\"wp-block-heading\">IV &#8211; <strong>Effet acousto-optique<\/strong><\/h6>\n\n\n\n<ul class=\"wp-block-list\">\n<li>Principe de l\u2019effet acousto-optique&nbsp;<\/li>\n\n\n\n<li>Modulateurs acousto-optiques&nbsp;: fonctionnement et r\u00f4les dans les syst\u00e8mes optiques<\/li>\n<\/ul>\n\n\n\n<h6 class=\"wp-block-heading\">TP<\/h6>\n\n\n\n<p>Illustration et mise en pratique des concepts vus en cours \u00e0 travers 4 travaux pratiques de 3H&nbsp;:<\/p>\n\n\n\n<ul class=\"wp-block-list\">\n<li><strong>Diffraction et filtrage spatial<\/strong>&nbsp;: \u00e9tude de la diffraction \u00e0 travers des ouvertures et application de l\u2019analyse de Fourier \u00e0 travers le filtrage spatial.&nbsp;&nbsp;<\/li>\n\n\n\n<li><strong>Laser H\u00e9lium-N\u00e9on&nbsp;: <\/strong>Caract\u00e9risation d\u2019un laser He-Ne et de sa propagation.<\/li>\n\n\n\n<li><strong>\u00c9tude d\u2019un syst\u00e8me d\u2019imagerie&nbsp;:<\/strong>&nbsp; Analyse des performances optiques d\u2019un syst\u00e8me d\u2019imagerie.<\/li>\n\n\n\n<li><strong>Caract\u00e9risation des propri\u00e9t\u00e9s d\u2019un modulateur&nbsp;acousto-optique<\/strong> : modulation d\u2019intensit\u00e9, d\u00e9viation angulaire, contr\u00f4le de fr\u00e9quence&nbsp;et stabilisation de la puissance laser.<\/li>\n<\/ul>\n\n\n\n<h5 class=\"wp-block-heading\"><strong>Pr\u00e9-requis :<\/strong><\/h5>\n\n\n\n<ul class=\"wp-block-list\">\n<li>Optique g\u00e9om\u00e9trique<\/li>\n\n\n\n<li>Connaissance en diffraction et interf\u00e9rences<\/li>\n\n\n\n<li>Calcul matriciel et transform\u00e9e de Fourier<\/li>\n<\/ul>\n\n\n\n<h5 class=\"wp-block-heading\"><strong>Comp\u00e9tences vis\u00e9es :<\/strong><\/h5>\n\n\n\n<ul class=\"wp-block-list\">\n<li>Concevoir et analyser des syst\u00e8mes optiques complexes en tenant compte des limitations physiques et des performances attendues<\/li>\n\n\n\n<li>Ma\u00eetriser les outils th\u00e9oriques et exp\u00e9rimentaux pour caract\u00e9riser la lumi\u00e8re laser<\/li>\n\n\n\n<li>Manipuler et optimiser les faisceaux laser pour des applications sp\u00e9cifiques \u00e0 l\u2019aide de composants optiques<\/li>\n\n\n\n<li>Int\u00e9grer les connaissances en diffraction, imagerie et optique gaussienne dans des contextes industriels ou de recherche<\/li>\n<\/ul>\n\n\n\n<div style=\"height:34px\" aria-hidden=\"true\" class=\"wp-block-spacer\"><\/div>\n\n\n\n<p><strong>Enseignant :<\/strong> <a href=\"https:\/\/mastertechq.lpl.univ-paris13.fr\/?page_id=562\">Lucas Lavoine<\/a><\/p>\n<\/div>\n\n\n\n<div id=\"wp-block-themeisle-blocks-advanced-column-75b1f3ce\" class=\"wp-block-themeisle-blocks-advanced-column\">\n<figure class=\"wp-block-image size-large has-custom-border is-style-default\" id=\"wp-block-themeisle-blocks-image-8dc5d394\" style=\"margin-top:0;margin-right:0;margin-bottom:0;margin-left:0\"><img decoding=\"async\" width=\"768\" height=\"1024\" src=\"https:\/\/mastertechq.lpl.univ-paris13.fr\/wp-content\/uploads\/2025\/01\/OPG-super-768x1024.jpg\" alt=\"\" class=\"wp-image-1210\" style=\"border-width:1px;border-radius:11px\" srcset=\"https:\/\/mastertechq.lpl.univ-paris13.fr\/wp-content\/uploads\/2025\/01\/OPG-super-768x1024.jpg 768w, https:\/\/mastertechq.lpl.univ-paris13.fr\/wp-content\/uploads\/2025\/01\/OPG-super-225x300.jpg 225w, https:\/\/mastertechq.lpl.univ-paris13.fr\/wp-content\/uploads\/2025\/01\/OPG-super-1152x1536.jpg 1152w, https:\/\/mastertechq.lpl.univ-paris13.fr\/wp-content\/uploads\/2025\/01\/OPG-super.jpg 1536w\" sizes=\"(max-width: 768px) 100vw, 768px\" \/><\/figure>\n\n\n\n<div style=\"height:80px\" aria-hidden=\"true\" class=\"wp-block-spacer\"><\/div>\n\n\n\n<figure class=\"wp-block-table is-style-stripes\" style=\"font-style:normal;font-weight:400\"><table class=\"has-background has-fixed-layout\" style=\"background-color:#e7b5c3;border-width:2px\"><tbody><tr><td>CM<\/td><td>15 H<\/td><\/tr><tr><td>TD<\/td><td>15 H<\/td><\/tr><tr><td>TP<\/td><td>12 H<\/td><\/tr><tr><td>ECTS<\/td><td>4<\/td><\/tr><tr><td>Lieu<\/td><td>Villetaneuse<\/td><\/tr><tr><td>Langue<\/td><td>French<\/td><\/tr><\/tbody><\/table><\/figure>\n<\/div>\n<\/div><\/div>\n","protected":false},"excerpt":{"rendered":"<p>Physique pour les Technologies Quantiques 3 Imagerie &#8211; Lasers<\/p>\n","protected":false},"author":2,"featured_media":0,"parent":302,"menu_order":0,"comment_status":"closed","ping_status":"closed","template":"","meta":{"_themeisle_gutenberg_block_has_review":false,"footnotes":""},"class_list":["post-762","page","type-page","status-publish","hentry"],"blocksy_meta":[],"yoast_head":"<!-- This site is optimized with the Yoast SEO plugin v27.2 - https:\/\/yoast.com\/product\/yoast-seo-wordpress\/ -->\n<title>Physique pour les Technologies Quantiques 3-2 - Master TechQ<\/title>\n<meta name=\"robots\" content=\"index, follow, max-snippet:-1, max-image-preview:large, max-video-preview:-1\" \/>\n<link rel=\"canonical\" href=\"https:\/\/mastertechq.lpl.univ-paris13.fr\/?page_id=762\" \/>\n<meta property=\"og:locale\" content=\"fr_FR\" \/>\n<meta property=\"og:type\" content=\"article\" \/>\n<meta property=\"og:title\" content=\"Physique pour les Technologies Quantiques 3-2 - Master TechQ\" \/>\n<meta property=\"og:description\" content=\"Physique pour les Technologies Quantiques 3 Imagerie &#8211; Lasers\" \/>\n<meta property=\"og:url\" content=\"https:\/\/mastertechq.lpl.univ-paris13.fr\/?page_id=762\" \/>\n<meta property=\"og:site_name\" content=\"Master TechQ\" \/>\n<meta property=\"article:modified_time\" content=\"2026-01-15T19:46:09+00:00\" \/>\n<meta property=\"og:image\" content=\"https:\/\/mastertechq.lpl.univ-paris13.fr\/wp-content\/uploads\/2025\/01\/OPG-super.jpg\" \/>\n\t<meta property=\"og:image:width\" content=\"1536\" \/>\n\t<meta property=\"og:image:height\" content=\"2048\" \/>\n\t<meta property=\"og:image:type\" content=\"image\/jpeg\" \/>\n<meta name=\"twitter:card\" content=\"summary_large_image\" \/>\n<meta name=\"twitter:label1\" content=\"Dur\u00e9e de lecture estim\u00e9e\" \/>\n\t<meta name=\"twitter:data1\" content=\"2 minutes\" \/>\n<script type=\"application\/ld+json\" class=\"yoast-schema-graph\">{\"@context\":\"https:\/\/schema.org\",\"@graph\":[{\"@type\":\"WebPage\",\"@id\":\"https:\/\/mastertechq.lpl.univ-paris13.fr\/?page_id=762\",\"url\":\"https:\/\/mastertechq.lpl.univ-paris13.fr\/?page_id=762\",\"name\":\"Physique pour les Technologies Quantiques 3-2 - Master TechQ\",\"isPartOf\":{\"@id\":\"https:\/\/mastertechq.lpl.univ-paris13.fr\/#website\"},\"primaryImageOfPage\":{\"@id\":\"https:\/\/mastertechq.lpl.univ-paris13.fr\/?page_id=762#primaryimage\"},\"image\":{\"@id\":\"https:\/\/mastertechq.lpl.univ-paris13.fr\/?page_id=762#primaryimage\"},\"thumbnailUrl\":\"https:\/\/mastertechq.lpl.univ-paris13.fr\/wp-content\/uploads\/2025\/01\/OPG-super-768x1024.jpg\",\"datePublished\":\"2025-01-11T14:54:42+00:00\",\"dateModified\":\"2026-01-15T19:46:09+00:00\",\"breadcrumb\":{\"@id\":\"https:\/\/mastertechq.lpl.univ-paris13.fr\/?page_id=762#breadcrumb\"},\"inLanguage\":\"fr-FR\",\"potentialAction\":[{\"@type\":\"ReadAction\",\"target\":[\"https:\/\/mastertechq.lpl.univ-paris13.fr\/?page_id=762\"]}]},{\"@type\":\"ImageObject\",\"inLanguage\":\"fr-FR\",\"@id\":\"https:\/\/mastertechq.lpl.univ-paris13.fr\/?page_id=762#primaryimage\",\"url\":\"https:\/\/mastertechq.lpl.univ-paris13.fr\/wp-content\/uploads\/2025\/01\/OPG-super.jpg\",\"contentUrl\":\"https:\/\/mastertechq.lpl.univ-paris13.fr\/wp-content\/uploads\/2025\/01\/OPG-super.jpg\",\"width\":1536,\"height\":2048},{\"@type\":\"BreadcrumbList\",\"@id\":\"https:\/\/mastertechq.lpl.univ-paris13.fr\/?page_id=762#breadcrumb\",\"itemListElement\":[{\"@type\":\"ListItem\",\"position\":1,\"name\":\"Home\",\"item\":\"https:\/\/mastertechq.lpl.univ-paris13.fr\/\"},{\"@type\":\"ListItem\",\"position\":2,\"name\":\"Formation\",\"item\":\"https:\/\/mastertechq.lpl.univ-paris13.fr\/?page_id=302\"},{\"@type\":\"ListItem\",\"position\":3,\"name\":\"Physique pour les Technologies Quantiques 3-2\"}]},{\"@type\":\"WebSite\",\"@id\":\"https:\/\/mastertechq.lpl.univ-paris13.fr\/#website\",\"url\":\"https:\/\/mastertechq.lpl.univ-paris13.fr\/\",\"name\":\"Master TechQ\",\"description\":\"Quantum technologies in motion\",\"publisher\":{\"@id\":\"https:\/\/mastertechq.lpl.univ-paris13.fr\/#organization\"},\"potentialAction\":[{\"@type\":\"SearchAction\",\"target\":{\"@type\":\"EntryPoint\",\"urlTemplate\":\"https:\/\/mastertechq.lpl.univ-paris13.fr\/?s={search_term_string}\"},\"query-input\":{\"@type\":\"PropertyValueSpecification\",\"valueRequired\":true,\"valueName\":\"search_term_string\"}}],\"inLanguage\":\"fr-FR\"},{\"@type\":\"Organization\",\"@id\":\"https:\/\/mastertechq.lpl.univ-paris13.fr\/#organization\",\"name\":\"Master TechQ\",\"alternateName\":\"Master Technologies Quantiques\",\"url\":\"https:\/\/mastertechq.lpl.univ-paris13.fr\/\",\"logo\":{\"@type\":\"ImageObject\",\"inLanguage\":\"fr-FR\",\"@id\":\"https:\/\/mastertechq.lpl.univ-paris13.fr\/#\/schema\/logo\/image\/\",\"url\":\"https:\/\/mastertechq.lpl.univ-paris13.fr\/wp-content\/uploads\/2025\/01\/Logo-MTQ.png\",\"contentUrl\":\"https:\/\/mastertechq.lpl.univ-paris13.fr\/wp-content\/uploads\/2025\/01\/Logo-MTQ.png\",\"width\":500,\"height\":500,\"caption\":\"Master TechQ\"},\"image\":{\"@id\":\"https:\/\/mastertechq.lpl.univ-paris13.fr\/#\/schema\/logo\/image\/\"}}]}<\/script>\n<!-- \/ Yoast SEO plugin. -->","yoast_head_json":{"title":"Physique pour les Technologies Quantiques 3-2 - Master TechQ","robots":{"index":"index","follow":"follow","max-snippet":"max-snippet:-1","max-image-preview":"max-image-preview:large","max-video-preview":"max-video-preview:-1"},"canonical":"https:\/\/mastertechq.lpl.univ-paris13.fr\/?page_id=762","og_locale":"fr_FR","og_type":"article","og_title":"Physique pour les Technologies Quantiques 3-2 - Master TechQ","og_description":"Physique pour les Technologies Quantiques 3 Imagerie &#8211; Lasers","og_url":"https:\/\/mastertechq.lpl.univ-paris13.fr\/?page_id=762","og_site_name":"Master TechQ","article_modified_time":"2026-01-15T19:46:09+00:00","og_image":[{"width":1536,"height":2048,"url":"https:\/\/mastertechq.lpl.univ-paris13.fr\/wp-content\/uploads\/2025\/01\/OPG-super.jpg","type":"image\/jpeg"}],"twitter_card":"summary_large_image","twitter_misc":{"Dur\u00e9e de lecture estim\u00e9e":"2 minutes"},"schema":{"@context":"https:\/\/schema.org","@graph":[{"@type":"WebPage","@id":"https:\/\/mastertechq.lpl.univ-paris13.fr\/?page_id=762","url":"https:\/\/mastertechq.lpl.univ-paris13.fr\/?page_id=762","name":"Physique pour les Technologies Quantiques 3-2 - Master TechQ","isPartOf":{"@id":"https:\/\/mastertechq.lpl.univ-paris13.fr\/#website"},"primaryImageOfPage":{"@id":"https:\/\/mastertechq.lpl.univ-paris13.fr\/?page_id=762#primaryimage"},"image":{"@id":"https:\/\/mastertechq.lpl.univ-paris13.fr\/?page_id=762#primaryimage"},"thumbnailUrl":"https:\/\/mastertechq.lpl.univ-paris13.fr\/wp-content\/uploads\/2025\/01\/OPG-super-768x1024.jpg","datePublished":"2025-01-11T14:54:42+00:00","dateModified":"2026-01-15T19:46:09+00:00","breadcrumb":{"@id":"https:\/\/mastertechq.lpl.univ-paris13.fr\/?page_id=762#breadcrumb"},"inLanguage":"fr-FR","potentialAction":[{"@type":"ReadAction","target":["https:\/\/mastertechq.lpl.univ-paris13.fr\/?page_id=762"]}]},{"@type":"ImageObject","inLanguage":"fr-FR","@id":"https:\/\/mastertechq.lpl.univ-paris13.fr\/?page_id=762#primaryimage","url":"https:\/\/mastertechq.lpl.univ-paris13.fr\/wp-content\/uploads\/2025\/01\/OPG-super.jpg","contentUrl":"https:\/\/mastertechq.lpl.univ-paris13.fr\/wp-content\/uploads\/2025\/01\/OPG-super.jpg","width":1536,"height":2048},{"@type":"BreadcrumbList","@id":"https:\/\/mastertechq.lpl.univ-paris13.fr\/?page_id=762#breadcrumb","itemListElement":[{"@type":"ListItem","position":1,"name":"Home","item":"https:\/\/mastertechq.lpl.univ-paris13.fr\/"},{"@type":"ListItem","position":2,"name":"Formation","item":"https:\/\/mastertechq.lpl.univ-paris13.fr\/?page_id=302"},{"@type":"ListItem","position":3,"name":"Physique pour les Technologies Quantiques 3-2"}]},{"@type":"WebSite","@id":"https:\/\/mastertechq.lpl.univ-paris13.fr\/#website","url":"https:\/\/mastertechq.lpl.univ-paris13.fr\/","name":"Master TechQ","description":"Quantum technologies in motion","publisher":{"@id":"https:\/\/mastertechq.lpl.univ-paris13.fr\/#organization"},"potentialAction":[{"@type":"SearchAction","target":{"@type":"EntryPoint","urlTemplate":"https:\/\/mastertechq.lpl.univ-paris13.fr\/?s={search_term_string}"},"query-input":{"@type":"PropertyValueSpecification","valueRequired":true,"valueName":"search_term_string"}}],"inLanguage":"fr-FR"},{"@type":"Organization","@id":"https:\/\/mastertechq.lpl.univ-paris13.fr\/#organization","name":"Master TechQ","alternateName":"Master Technologies Quantiques","url":"https:\/\/mastertechq.lpl.univ-paris13.fr\/","logo":{"@type":"ImageObject","inLanguage":"fr-FR","@id":"https:\/\/mastertechq.lpl.univ-paris13.fr\/#\/schema\/logo\/image\/","url":"https:\/\/mastertechq.lpl.univ-paris13.fr\/wp-content\/uploads\/2025\/01\/Logo-MTQ.png","contentUrl":"https:\/\/mastertechq.lpl.univ-paris13.fr\/wp-content\/uploads\/2025\/01\/Logo-MTQ.png","width":500,"height":500,"caption":"Master TechQ"},"image":{"@id":"https:\/\/mastertechq.lpl.univ-paris13.fr\/#\/schema\/logo\/image\/"}}]}},"jetpack_sharing_enabled":true,"_links":{"self":[{"href":"https:\/\/mastertechq.lpl.univ-paris13.fr\/index.php?rest_route=\/wp\/v2\/pages\/762","targetHints":{"allow":["GET"]}}],"collection":[{"href":"https:\/\/mastertechq.lpl.univ-paris13.fr\/index.php?rest_route=\/wp\/v2\/pages"}],"about":[{"href":"https:\/\/mastertechq.lpl.univ-paris13.fr\/index.php?rest_route=\/wp\/v2\/types\/page"}],"author":[{"embeddable":true,"href":"https:\/\/mastertechq.lpl.univ-paris13.fr\/index.php?rest_route=\/wp\/v2\/users\/2"}],"replies":[{"embeddable":true,"href":"https:\/\/mastertechq.lpl.univ-paris13.fr\/index.php?rest_route=%2Fwp%2Fv2%2Fcomments&post=762"}],"version-history":[{"count":15,"href":"https:\/\/mastertechq.lpl.univ-paris13.fr\/index.php?rest_route=\/wp\/v2\/pages\/762\/revisions"}],"predecessor-version":[{"id":2228,"href":"https:\/\/mastertechq.lpl.univ-paris13.fr\/index.php?rest_route=\/wp\/v2\/pages\/762\/revisions\/2228"}],"up":[{"embeddable":true,"href":"https:\/\/mastertechq.lpl.univ-paris13.fr\/index.php?rest_route=\/wp\/v2\/pages\/302"}],"wp:attachment":[{"href":"https:\/\/mastertechq.lpl.univ-paris13.fr\/index.php?rest_route=%2Fwp%2Fv2%2Fmedia&parent=762"}],"curies":[{"name":"wp","href":"https:\/\/api.w.org\/{rel}","templated":true}]}}